{"id":1123,"date":"2018-02-16T12:40:28","date_gmt":"2018-02-16T11:40:28","guid":{"rendered":"https:\/\/eglise-catholique-valdorge.fr\/?page_id=1123"},"modified":"2019-10-02T13:23:45","modified_gmt":"2019-10-02T11:23:45","slug":"info-hors-secteur","status":"publish","type":"page","link":"https:\/\/eglise-catholique-valdorge.fr\/?page_id=1123","title":{"rendered":"Info d&rsquo;ici et d&rsquo;ailleurs"},"content":{"rendered":"\n<figure class=\"wp-block-image is-resized\"><img loading=\"lazy\" decoding=\"async\" src=\"https:\/\/eglise-catholique-valdorge.fr\/wp-content\/uploads\/2019\/10\/20191002-RC-014035-A_2506364.jpg\" alt=\"\" class=\"wp-image-2218\" width=\"361\" height=\"203\" srcset=\"https:\/\/eglise-catholique-valdorge.fr\/wp-content\/uploads\/2019\/10\/20191002-RC-014035-A_2506364.jpg 940w, https:\/\/eglise-catholique-valdorge.fr\/wp-content\/uploads\/2019\/10\/20191002-RC-014035-A_2506364-300x169.jpg 300w, https:\/\/eglise-catholique-valdorge.fr\/wp-content\/uploads\/2019\/10\/20191002-RC-014035-A_2506364-768x433.jpg 768w\" sizes=\"(max-width: 361px) 100vw, 361px\" \/><\/figure>\n\n\n\n<h2><b>Un reportage sur la d\u00e9tention provisoire dans les prisons europ\u00e9ennes(13 min)<\/b><\/h2>\n<h3><a href=\"https:\/\/www.arte.tv\/fr\/videos\/092365-000-A\/detention-provisoire-plus-de-degats-que-d-efficacite-vox-pop\/\"><i>D\u00e9tention provisoire : plus de d\u00e9g\u00e2ts que d&rsquo;efficacit\u00e9 ?<\/i><\/a><\/h3>\n\n\n\n<h2>&nbsp;<\/h2>\n\n\n\n<figure class=\"wp-block-image\"><img loading=\"lazy\" decoding=\"async\" width=\"640\" height=\"290\" src=\"https:\/\/eglise-catholique-valdorge.fr\/wp-content\/uploads\/2019\/10\/Affiche-NOUS-LE-PEUPLE-02.jpg\" alt=\"\" class=\"wp-image-2225\" srcset=\"https:\/\/eglise-catholique-valdorge.fr\/wp-content\/uploads\/2019\/10\/Affiche-NOUS-LE-PEUPLE-02.jpg 640w, https:\/\/eglise-catholique-valdorge.fr\/wp-content\/uploads\/2019\/10\/Affiche-NOUS-LE-PEUPLE-02-300x136.jpg 300w\" sizes=\"(max-width: 640px) 100vw, 640px\" \/><\/figure>\n\n\n\n<h5>Un documentaire sorti au cin\u00e9ma le 18 septembre (1h39) qui donne la parole \u00e0 des citoyens rel\u00e9gu\u00e9s qui \u00e9changent, discutent et imaginent un monde meilleur en parti film\u00e9 avec des d\u00e9tenus du D1 de la maison d&rsquo;arr\u00eat Fleury-M\u00e9rogis\u00a0<\/h5>\n<h4>Programm\u00e9 au <strong>cin\u00e9ma Marcel Carn\u00e9<\/strong> (Saint-Michel-sur-Orge) le <strong>vendredi 11 octobre \u00e0 20h30<\/strong> &#8211; Suivi d&rsquo;un d\u00e9bat en pr\u00e9sence de deux chercheuses en droit public.<\/h4>\n","protected":false},"excerpt":{"rendered":"","protected":false},"author":1,"featured_media":0,"parent":0,"menu_order":0,"comment_status":"closed","ping_status":"closed","template":"","meta":{"kt_blocks_editor_width":"","footnotes":""},"_links":{"self":[{"href":"https:\/\/eglise-catholique-valdorge.fr\/index.php?rest_route=\/wp\/v2\/pages\/1123"}],"collection":[{"href":"https:\/\/eglise-catholique-valdorge.fr\/index.php?rest_route=\/wp\/v2\/pages"}],"about":[{"href":"https:\/\/eglise-catholique-valdorge.fr\/index.php?rest_route=\/wp\/v2\/types\/page"}],"author":[{"embeddable":true,"href":"https:\/\/eglise-catholique-valdorge.fr\/index.php?rest_route=\/wp\/v2\/users\/1"}],"replies":[{"embeddable":true,"href":"https:\/\/eglise-catholique-valdorge.fr\/index.php?rest_route=%2Fwp%2Fv2%2Fcomments&post=1123"}],"version-history":[{"count":26,"href":"https:\/\/eglise-catholique-valdorge.fr\/index.php?rest_route=\/wp\/v2\/pages\/1123\/revisions"}],"predecessor-version":[{"id":2230,"href":"https:\/\/eglise-catholique-valdorge.fr\/index.php?rest_route=\/wp\/v2\/pages\/1123\/revisions\/2230"}],"wp:attachment":[{"href":"https:\/\/eglise-catholique-valdorge.fr\/index.php?rest_route=%2Fwp%2Fv2%2Fmedia&parent=1123"}],"curies":[{"name":"wp","href":"https:\/\/api.w.org\/{rel}","templated":true}]}}

<figure class="wp-block-image is-resized"><img loading="lazy" decoding="async" src="https://eglise-catholique-valdorge.fr/wp-content/uploads/2019/10/20191002-RC-014035-A_2506364.jpg" alt="" class="wp-image-2218" width="361" height="203" srcset="https://eglise-catholique-valdorge.fr/wp-content/uploads/2019/10/20191002-RC-014035-A_2506364.jpg 940w, https://eglise-catholique-valdorge.fr/wp-content/uploads/2019/10/20191002-RC-014035-A_2506364-300x169.jpg 300w, https://eglise-catholique-valdorge.fr/wp-content/uploads/2019/10/20191002-RC-014035-A_2506364-768x433.jpg 768w" sizes="(max-width: 361px) 100vw, 361px" /></figure>



<h2><b>Un reportage sur la détention provisoire dans les prisons européennes(13 min)</b></h2>
<h3><a href="https://www.arte.tv/fr/videos/092365-000-A/detention-provisoire-plus-de-degats-que-d-efficacite-vox-pop/"><i>Détention provisoire : plus de dégâts que d&rsquo;efficacité ?</i></a></h3>



<h2>&nbsp;</h2>



<figure class="wp-block-image"><img loading="lazy" decoding="async" width="640" height="290" src="https://eglise-catholique-valdorge.fr/wp-content/uploads/2019/10/Affiche-NOUS-LE-PEUPLE-02.jpg" alt="" class="wp-image-2225" srcset="https://eglise-catholique-valdorge.fr/wp-content/uploads/2019/10/Affiche-NOUS-LE-PEUPLE-02.jpg 640w, https://eglise-catholique-valdorge.fr/wp-content/uploads/2019/10/Affiche-NOUS-LE-PEUPLE-02-300x136.jpg 300w" sizes="(max-width: 640px) 100vw, 640px" /></figure>



<h5>Un documentaire sorti au cinéma le 18 septembre (1h39) qui donne la parole à des citoyens relégués qui échangent, discutent et imaginent un monde meilleur en parti filmé avec des détenus du D1 de la maison d&rsquo;arrêt Fleury-Mérogis </h5>
<h4>Programmé au <strong>cinéma Marcel Carné</strong> (Saint-Michel-sur-Orge) le <strong>vendredi 11 octobre à 20h30</strong> &#8211; Suivi d&rsquo;un débat en présence de deux chercheuses en droit public.</h4>
