{"id":130,"date":"2017-06-13T19:54:59","date_gmt":"2017-06-13T17:54:59","guid":{"rendered":"http:\/\/eglise-catholique-valdorge.fr\/?page_id=130"},"modified":"2017-10-27T12:19:10","modified_gmt":"2017-10-27T10:19:10","slug":"catechese-des-petits-aux-grands","status":"publish","type":"page","link":"https:\/\/eglise-catholique-valdorge.fr\/?page_id=130","title":{"rendered":"Cat\u00e9ch\u00e8se : des petits aux grands&#8230;"},"content":{"rendered":"<p><span style=\"text-decoration: underline; font-size: 14pt;\"><strong><span style=\"font-family: book antiqua,palatino,serif;\">De l\u2019\u00c9veil \u00e0 la Foi au cat\u00e9 puis \u00e0 l&rsquo;aum\u00f4nerie&#8230;<\/span><\/strong><\/span><\/p>\n<p style=\"text-align: right;\"><img loading=\"lazy\" decoding=\"async\" class=\"aligncenter size-thumbnail wp-image-208\" src=\"http:\/\/eglise-catholique-valdorge.fr\/wp-content\/uploads\/2017\/06\/figurines-poup\u00e9es-de-chiffon-bible-1-150x150.jpg\" alt=\"\" width=\"150\" height=\"150\" \/><\/p>\n<p style=\"text-align: right;\"><a href=\"http:\/\/eglise-catholique-valdorge.fr\/?page_id=167&amp;preview=true\"><strong>Demande d<\/strong><b>e contact et d&rsquo;information<\/b><\/a><\/p>\n<p><span style=\"font-family: book antiqua,palatino,serif;\"><strong>Au cat\u00e9chisme, les enfants \u00ab\u00a0apprennent\u00a0\u00bb \u00e0 devenir croyants. <\/strong>La foi n\u2019est bien s\u00fbr pas un savoir th\u00e9orique que l\u2019on \u00e9value comme \u00e0 l\u2019\u00e9cole ! C\u2019est une fa\u00e7on de vivre avec J\u00e9sus-Christ.\u00a0Les enfants s\u2019ouvrent \u00e0 une relation \u00e0 Dieu et aux hommes.<\/span><\/p>\n<p><span style=\"font-family: book antiqua,palatino,serif;\">Au cat\u00e9chisme, l\u2019enfant d\u00e9couvre progressivement une relation \u00e0 Dieu qui s\u2019enracine dans l\u2019Eglise. L\u2019occasion lui est donn\u00e9e de comprendre ce qui est v\u00e9cu dans les sacrements, et d\u2019aborder la Parole de Dieu. Il d\u00e9couvre ainsi les contenus d\u2019une foi vivante qui donne sens \u00e0 sa vie.<\/span><\/p>\n<p><span style=\"font-family: book antiqua,palatino,serif;\">Parce qu\u2019il y a diff\u00e9rentes fa\u00e7ons de <strong><a class=\"link-icon\" href=\"http:\/\/jesus.catholique.fr\/\" target=\"_blank\" rel=\"noopener\">mieux conna\u00eetre J\u00e9sus<\/a><\/strong>, le cat\u00e9chisme propose des itin\u00e9raires vari\u00e9s :<\/span><\/p>\n<p><span style=\"font-family: book antiqua,palatino,serif;\">Les enfants peuvent \u00e9tudier un texte d\u2019Evangile et l\u2019illustrer, par exemple, ou bien regarder un DVD, d\u00e9couvrir un \u00e9pisode de la Bible par le jeu ou le mime, aller voir une exposition, visiter une \u00e9glise, ou d\u00e9couvrir ensemble l\u2019histoire de la vie d\u2019un saint.<\/span><\/p>\n<p><span style=\"font-family: book antiqua,palatino,serif;\">Le cat\u00e9chisme permet aussi aux enfants de rencontrer d\u2019autres croyants. C\u2019est l\u2019occasion pour eux d\u2019aborder des questions existentielles, qui touchent \u00e0 leur quotidien. Parfois, ils sont invit\u00e9s \u00e0 participer \u00e0 une c\u00e9l\u00e9bration et \u00e0 prier ensemble. Des rassemblements avec les familles et tous les paroissiens sont propos\u00e9s. Le cat\u00e9chiste les accompagne dans leurs d\u00e9couvertes, les \u00e9coute, lance le d\u00e9bat, r\u00e9pond \u00e0 leurs questions, et les initie \u00e0 la pri\u00e8re de l\u2019\u00c9glise.<\/span><\/p>\n<p>Conf\u00e9rence des \u00c9v\u00eaques de France<\/p>\n<p><span style=\"color: #ff6600;\"><a href=\"http:\/\/ktvaldorge.blogspot.com\"><span style=\"color: #ff6600;\">plus d&rsquo;info sur le blog de la cat\u00e9ch\u00e8se de l&rsquo;enfance<\/span><\/a><\/span><\/p>\n<p><span style=\"color: #ff6600;\"><a href=\"https:\/\/www.facebook.com\/Sdaep91\/\"><span style=\"color: #ff6600;\">page facebook aum\u00f4nerie du dioc\u00e8se<\/span><\/a><\/span><\/p>\n","protected":false},"excerpt":{"rendered":"<p>De l\u2019\u00c9veil \u00e0 la Foi au cat\u00e9 puis \u00e0 l&rsquo;aum\u00f4nerie&#8230; Demande de contact et d&rsquo;information Au cat\u00e9chisme, les enfants \u00ab\u00a0apprennent\u00a0\u00bb \u00e0 devenir croyants. La foi n\u2019est bien s\u00fbr pas un savoir th\u00e9orique que l\u2019on \u00e9value comme \u00e0 l\u2019\u00e9cole ! C\u2019est &hellip; <a href=\"https:\/\/eglise-catholique-valdorge.fr\/?page_id=130\">Lire la suite\u00ad\u00ad<\/a><\/p>\n","protected":false},"author":1,"featured_media":207,"parent":0,"menu_order":0,"comment_status":"closed","ping_status":"closed","template":"","meta":{"kt_blocks_editor_width":"","footnotes":""},"_links":{"self":[{"href":"https:\/\/eglise-catholique-valdorge.fr\/index.php?rest_route=\/wp\/v2\/pages\/130"}],"collection":[{"href":"https:\/\/eglise-catholique-valdorge.fr\/index.php?rest_route=\/wp\/v2\/pages"}],"about":[{"href":"https:\/\/eglise-catholique-valdorge.fr\/index.php?rest_route=\/wp\/v2\/types\/page"}],"author":[{"embeddable":true,"href":"https:\/\/eglise-catholique-valdorge.fr\/index.php?rest_route=\/wp\/v2\/users\/1"}],"replies":[{"embeddable":true,"href":"https:\/\/eglise-catholique-valdorge.fr\/index.php?rest_route=%2Fwp%2Fv2%2Fcomments&post=130"}],"version-history":[{"count":12,"href":"https:\/\/eglise-catholique-valdorge.fr\/index.php?rest_route=\/wp\/v2\/pages\/130\/revisions"}],"predecessor-version":[{"id":635,"href":"https:\/\/eglise-catholique-valdorge.fr\/index.php?rest_route=\/wp\/v2\/pages\/130\/revisions\/635"}],"wp:featuredmedia":[{"embeddable":true,"href":"https:\/\/eglise-catholique-valdorge.fr\/index.php?rest_route=\/wp\/v2\/media\/207"}],"wp:attachment":[{"href":"https:\/\/eglise-catholique-valdorge.fr\/index.php?rest_route=%2Fwp%2Fv2%2Fmedia&parent=130"}],"curies":[{"name":"wp","href":"https:\/\/api.w.org\/{rel}","templated":true}]}}