{"id":297,"date":"2017-08-29T10:52:50","date_gmt":"2017-08-29T08:52:50","guid":{"rendered":"http:\/\/eglise-catholique-valdorge.fr\/?page_id=297"},"modified":"2022-09-27T16:32:40","modified_gmt":"2022-09-27T14:32:40","slug":"les-coordonnees-dun-pretre","status":"publish","type":"page","link":"https:\/\/eglise-catholique-valdorge.fr\/?page_id=297","title":{"rendered":"Les coordonn\u00e9es d\u2019un pr\u00eatre"},"content":{"rendered":"<p>\u00a0<\/p>\n<pre><img loading=\"lazy\" decoding=\"async\" class=\"size-thumbnail wp-image-290 alignleft\" src=\"https:\/\/eglise-catholique-valdorge.fr\/wp-content\/uploads\/2022\/07\/JuvenalR-150x150-retourche.jpg\" alt=\"\" width=\"150\" height=\"150\" \/><span style=\"font-family: Liberation Serif,serif; font-size: 24pt;\">P\u00e8re Juv\u00e9nal RUTUMBU<\/span>\n<span style=\"font-family: Liberation Serif,serif; font-size: 14pt;\">Responsable de secteur 2022-2025<\/span>\n<span style=\"font-family: Liberation Serif,serif; font-size: 14pt;\">Accompagne les paroisses : Sainte-Genevi\u00e8ve-des Bois et Saint-Michel-sur-Orge\nRe\u00e7oit sur rendez-vous le mercredi apr\u00e8s-midi\n\n<a href=\"http:\/\/eglise-catholique-valdorge.fr\/?page_id=5946&amp;preview=true\">Le contacter <\/a><\/span><\/pre>\n<p>\u00a0<\/p>\n<pre><img loading=\"lazy\" decoding=\"async\" class=\"size-thumbnail wp-image-290 alignleft\" src=\"https:\/\/eglise-catholique-valdorge.fr\/wp-content\/uploads\/2022\/07\/Benoit-DUBIGEON-150x150-1.jpg\" alt=\"\" width=\"150\" height=\"150\" \/><span style=\"font-family: Liberation Serif,serif; font-size: 24pt;\">Fr\u00e8re Beno\u00eet DUBIGEON<\/span>\n<span style=\"font-family: Liberation Serif,serif; font-size: 14pt;\">Accompagne la paroisse Morsang-sur-Orge\nRe\u00e7oit sur Rendez-vous au Presbyt\u00e8re de Morsang-sur-Orge\n\n<a href=\"https:\/\/eglise-catholique-valdorge.fr\/?page_id=5959\">Le contacter<\/a><\/span><\/pre>\n<p>\u00a0<\/p>\n<pre><img loading=\"lazy\" decoding=\"async\" class=\"size-thumbnail wp-image-290 alignleft\" src=\"https:\/\/eglise-catholique-valdorge.fr\/wp-content\/uploads\/2019\/12\/Gerard-EKLU-150x150.jpg\" alt=\"\" width=\"150\" height=\"150\" \/><span style=\"font-family: Liberation Serif,serif; font-size: 24pt;\">P\u00e8re G\u00e9rard EKLU<\/span>\n<span style=\"font-family: Liberation Serif,serif; font-size: 14pt;\">Accompagnateur de la paroisse Villemoisson-sur-Orge\nRe\u00e7oit sur rendez-vous \n\n<a href=\"http:\/\/eglise-catholique-valdorge.fr\/?page_id=319\">Le contacter<\/a><\/span><\/pre>\n<p>\u00a0<\/p>\n<pre><img loading=\"lazy\" decoding=\"async\" class=\"size-thumbnail wp-image-290 alignleft\" src=\"https:\/\/eglise-catholique-valdorge.fr\/wp-content\/uploads\/2021\/09\/photo-Yves-150x150-2-e1631304562849.jpg\" alt=\"\" width=\"150\" height=\"150\" \/><span style=\"font-family: Liberation Serif,serif; font-size: 24pt;\">P\u00e8re Yves PETITON<\/span>\n<span style=\"font-family: Liberation Serif,serif; font-size: 14pt;\">Accompagnateur de la paroisse Fleury-M\u00e9rogis\nRe\u00e7oit sur rendez-vous\n\n<a href=\"http:\/\/eglise-catholique-valdorge.fr\/?page_id=5149\">Le contacter\n<\/a><\/span><\/pre>\n<p>\u00a0<\/p>\n<pre><img loading=\"lazy\" decoding=\"async\" class=\"size-thumbnail wp-image-285 alignleft\" src=\"https:\/\/eglise-catholique-valdorge.fr\/wp-content\/uploads\/2022\/07\/Pio-RAKOTOMAMORY-150x150-1.jpg\" alt=\"\" width=\"150\" height=\"150\" \/><span style=\"font-family: Liberation Serif,serif; font-size: 24pt;\">P\u00e8re Pio RAKOTOMANGA<\/span>\n \n\n<span style=\"font-family: Liberation Serif,serif; font-size: 14pt;\">Re\u00e7oit sur rendez-vous\n\n<a href=\"http:\/\/eglise-catholique-valdorge.fr\/?page_id=5968\">Le contacter <\/a><br \/><\/span><\/pre>\n<p>\u00a0<\/p>\n\n","protected":false},"excerpt":{"rendered":"<p>\u00a0 P\u00e8re Juv\u00e9nal RUTUMBU Responsable de secteur 2022-2025 Accompagne les paroisses : Sainte-Genevi\u00e8ve-des Bois et Saint-Michel-sur-Orge Re\u00e7oit sur rendez-vous le mercredi apr\u00e8s-midi Le contacter \u00a0 Fr\u00e8re Beno\u00eet DUBIGEON Accompagne la paroisse Morsang-sur-Orge Re\u00e7oit sur Rendez-vous au Presbyt\u00e8re de Morsang-sur-Orge Le &hellip; <a href=\"https:\/\/eglise-catholique-valdorge.fr\/?page_id=297\">Lire la suite\u00ad\u00ad<\/a><\/p>\n","protected":false},"author":1,"featured_media":0,"parent":0,"menu_order":0,"comment_status":"closed","ping_status":"closed","template":"","meta":{"kt_blocks_editor_width":"","footnotes":""},"_links":{"self":[{"href":"https:\/\/eglise-catholique-valdorge.fr\/index.php?rest_route=\/wp\/v2\/pages\/297"}],"collection":[{"href":"https:\/\/eglise-catholique-valdorge.fr\/index.php?rest_route=\/wp\/v2\/pages"}],"about":[{"href":"https:\/\/eglise-catholique-valdorge.fr\/index.php?rest_route=\/wp\/v2\/types\/page"}],"author":[{"embeddable":true,"href":"https:\/\/eglise-catholique-valdorge.fr\/index.php?rest_route=\/wp\/v2\/users\/1"}],"replies":[{"embeddable":true,"href":"https:\/\/eglise-catholique-valdorge.fr\/index.php?rest_route=%2Fwp%2Fv2%2Fcomments&post=297"}],"version-history":[{"count":87,"href":"https:\/\/eglise-catholique-valdorge.fr\/index.php?rest_route=\/wp\/v2\/pages\/297\/revisions"}],"predecessor-version":[{"id":6664,"href":"https:\/\/eglise-catholique-valdorge.fr\/index.php?rest_route=\/wp\/v2\/pages\/297\/revisions\/6664"}],"wp:attachment":[{"href":"https:\/\/eglise-catholique-valdorge.fr\/index.php?rest_route=%2Fwp%2Fv2%2Fmedia&parent=297"}],"curies":[{"name":"wp","href":"https:\/\/api.w.org\/{rel}","templated":true}]}}

Les coordonnées d’un prêtre

<p> </p>
<pre><img loading="lazy" decoding="async" class="size-thumbnail wp-image-290 alignleft" src="https://eglise-catholique-valdorge.fr/wp-content/uploads/2022/07/JuvenalR-150x150-retourche.jpg" alt="" width="150" height="150" /><span style="font-family: Liberation Serif,serif; font-size: 24pt;">Père Juvénal RUTUMBU</span>
<span style="font-family: Liberation Serif,serif; font-size: 14pt;">Responsable de secteur 2022-2025</span>
<span style="font-family: Liberation Serif,serif; font-size: 14pt;">Accompagne les paroisses : Sainte-Geneviève-des Bois et Saint-Michel-sur-Orge
Reçoit sur rendez-vous le mercredi après-midi

<a href="http://eglise-catholique-valdorge.fr/?page_id=5946&amp;preview=true">Le contacter </a></span></pre>
<p> </p>
<pre><img loading="lazy" decoding="async" class="size-thumbnail wp-image-290 alignleft" src="https://eglise-catholique-valdorge.fr/wp-content/uploads/2022/07/Benoit-DUBIGEON-150x150-1.jpg" alt="" width="150" height="150" /><span style="font-family: Liberation Serif,serif; font-size: 24pt;">Frère Benoît DUBIGEON</span>
<span style="font-family: Liberation Serif,serif; font-size: 14pt;">Accompagne la paroisse Morsang-sur-Orge
Reçoit sur Rendez-vous au Presbytère de Morsang-sur-Orge

<a href="https://eglise-catholique-valdorge.fr/?page_id=5959">Le contacter</a></span></pre>
<p> </p>
<pre><img loading="lazy" decoding="async" class="size-thumbnail wp-image-290 alignleft" src="https://eglise-catholique-valdorge.fr/wp-content/uploads/2019/12/Gerard-EKLU-150x150.jpg" alt="" width="150" height="150" /><span style="font-family: Liberation Serif,serif; font-size: 24pt;">Père Gérard EKLU</span>
<span style="font-family: Liberation Serif,serif; font-size: 14pt;">Accompagnateur de la paroisse Villemoisson-sur-Orge
Reçoit sur rendez-vous 

<a href="http://eglise-catholique-valdorge.fr/?page_id=319">Le contacter</a></span></pre>
<p> </p>
<pre><img loading="lazy" decoding="async" class="size-thumbnail wp-image-290 alignleft" src="https://eglise-catholique-valdorge.fr/wp-content/uploads/2021/09/photo-Yves-150x150-2-e1631304562849.jpg" alt="" width="150" height="150" /><span style="font-family: Liberation Serif,serif; font-size: 24pt;">Père Yves PETITON</span>
<span style="font-family: Liberation Serif,serif; font-size: 14pt;">Accompagnateur de la paroisse Fleury-Mérogis
Reçoit sur rendez-vous

<a href="http://eglise-catholique-valdorge.fr/?page_id=5149">Le contacter
</a></span></pre>
<p> </p>
<pre><img loading="lazy" decoding="async" class="size-thumbnail wp-image-285 alignleft" src="https://eglise-catholique-valdorge.fr/wp-content/uploads/2022/07/Pio-RAKOTOMAMORY-150x150-1.jpg" alt="" width="150" height="150" /><span style="font-family: Liberation Serif,serif; font-size: 24pt;">Père Pio RAKOTOMANGA</span>
 

<span style="font-family: Liberation Serif,serif; font-size: 14pt;">Reçoit sur rendez-vous

<a href="http://eglise-catholique-valdorge.fr/?page_id=5968">Le contacter </a><br /></span></pre>
<p> </p>

<p>  Père Juvénal RUTUMBU Responsable de secteur 2022-2025 Accompagne les paroisses : Sainte-Geneviève-des Bois et Saint-Michel-sur-Orge Reçoit sur rendez-vous le mercredi après-midi Le contacter   Frère Benoît DUBIGEON Accompagne la paroisse Morsang-sur-Orge Reçoit sur Rendez-vous au Presbytère de Morsang-sur-Orge Le &hellip; <a href="https://eglise-catholique-valdorge.fr/?page_id=297">Lire la suite­­</a></p>
