{"id":447,"date":"2017-10-05T14:33:01","date_gmt":"2017-10-05T12:33:01","guid":{"rendered":"http:\/\/eglise-catholique-valdorge.fr\/?page_id=447"},"modified":"2018-07-05T20:07:40","modified_gmt":"2018-07-05T18:07:40","slug":"les-coordonnees-dun-responsable","status":"publish","type":"page","link":"https:\/\/eglise-catholique-valdorge.fr\/?page_id=447","title":{"rendered":"les coordonn\u00e9es d&rsquo;un responsable"},"content":{"rendered":"<p><span style=\"font-size: 12pt;\"><strong><span style=\"font-family: georgia,palatino,serif;\">Votre demande concerne : <\/span><\/strong><\/span><\/p>\n<ul>\n<li><span style=\"font-family: tahoma,arial,helvetica,sans-serif; font-size: 12pt;\"><a href=\"http:\/\/eglise-catholique-valdorge.fr\/?page_id=90\"><span style=\"color: #800000;\">bapt\u00eame<\/span> <\/a>b\u00e9b\u00e9 (0-3 ans) : 07.68\u00a0.01.55.36 <strong><a href=\"http:\/\/eglise-catholique-valdorge.fr\/?page_id=136\">mail<\/a><\/strong><\/span><\/li>\n<li><span style=\"font-family: tahoma,arial,helvetica,sans-serif; font-size: 12pt;\"><a href=\"http:\/\/eglise-catholique-valdorge.fr\/?page_id=90\"><span style=\"color: #800000;\">bapt\u00eame<\/span> <\/a>petits enfants (\u00e2ge maternelle) : 09 67 06 59 03 <a href=\"http:\/\/eglise-catholique-valdorge.fr\/?page_id=475\"><strong>mail<\/strong><\/a><\/span><\/li>\n<li><span style=\"font-family: tahoma,arial,helvetica,sans-serif; font-size: 12pt;\"><span style=\"color: #800000;\"><a href=\"http:\/\/eglise-catholique-valdorge.fr\/?page_id=90\">bapt\u00eame<\/a>-communion<\/span> enfants (\u00e2ge cat\u00e9) : 09 67 06 59 03 <a href=\"http:\/\/eglise-catholique-valdorge.fr\/?page_id=480\"><strong>mail<\/strong><\/a><br \/>\n<\/span><\/li>\n<li><span style=\"font-family: tahoma,arial,helvetica,sans-serif; font-size: 12pt;\"><span style=\"color: #800000;\"><a href=\"http:\/\/eglise-catholique-valdorge.fr\/?page_id=90\">bapt\u00eame<\/a>-confirmation-communion<\/span> adolescents (\u00e2ge coll\u00e8ge\/lyc\u00e9e) : 09 67 06 59 03 <a href=\"http:\/\/eglise-catholique-valdorge.fr\/?page_id=490\"><strong>mail<\/strong><\/a><br \/>\n<\/span><\/li>\n<li><span style=\"font-family: tahoma,arial,helvetica,sans-serif; font-size: 12pt;\"><span style=\"color: #800000;\"><a href=\"http:\/\/eglise-catholique-valdorge.fr\/?page_id=90\">bapt\u00eame<\/a>-confirmation-communion<\/span> adultes : 01 69 01 83 66 <a href=\"http:\/\/eglise-catholique-valdorge.fr\/?page_id=484\"><strong>mail<\/strong> <\/a><br \/>\n<\/span><\/li>\n<li><span style=\"font-family: tahoma,arial,helvetica,sans-serif; font-size: 12pt;\">cat\u00e9ch\u00e8se de la maternelle au lyc\u00e9e : <strong><a href=\"https:\/\/eglise-catholique-valdorge.fr\/?page_id=167\">mail <\/a><\/strong><\/span><\/li>\n<li><span style=\"font-family: tahoma,arial,helvetica,sans-serif; font-size: 12pt;\">pastorale de la sant\u00e9 (maison de retraite) : <strong><a href=\"https:\/\/eglise-catholique-valdorge.fr\/?page_id=582&amp;preview=true\">mail<\/a><\/strong><\/span><\/li>\n<li><span style=\"font-family: tahoma,arial,helvetica,sans-serif; font-size: 12pt;\">servants d&rsquo;autel (enfants de choeur) : <a href=\"https:\/\/eglise-catholique-valdorge.fr\/?page_id=599\"><strong>mail<\/strong><\/a><\/span><\/li>\n<li><span style=\"font-size: 12pt;\"><span style=\"font-family: tahoma,arial,helvetica,sans-serif;\">scouts et guides de France : <a href=\"https:\/\/eglise-catholique-valdorge.fr\/?page_id=586\"><strong>mail<\/strong><\/a><\/span><\/span><\/li>\n<li><span style=\"font-family: tahoma,arial,helvetica,sans-serif; font-size: 12pt;\">vents d&rsquo;Esp\u00e9rance (18-30 ans) : <strong>mail<\/strong><\/span><\/li>\n<\/ul>\n","protected":false},"excerpt":{"rendered":"<p>Votre demande concerne : bapt\u00eame b\u00e9b\u00e9 (0-3 ans) : 07.68\u00a0.01.55.36 mail bapt\u00eame petits enfants (\u00e2ge maternelle) : 09 67 06 59 03 mail bapt\u00eame-communion enfants (\u00e2ge cat\u00e9) : 09 67 06 59 03 mail bapt\u00eame-confirmation-communion adolescents (\u00e2ge coll\u00e8ge\/lyc\u00e9e) : 09 &hellip; <a href=\"https:\/\/eglise-catholique-valdorge.fr\/?page_id=447\">Lire la suite\u00ad\u00ad<\/a><\/p>\n","protected":false},"author":1,"featured_media":0,"parent":0,"menu_order":0,"comment_status":"closed","ping_status":"closed","template":"","meta":{"kt_blocks_editor_width":"","footnotes":""},"_links":{"self":[{"href":"https:\/\/eglise-catholique-valdorge.fr\/index.php?rest_route=\/wp\/v2\/pages\/447"}],"collection":[{"href":"https:\/\/eglise-catholique-valdorge.fr\/index.php?rest_route=\/wp\/v2\/pages"}],"about":[{"href":"https:\/\/eglise-catholique-valdorge.fr\/index.php?rest_route=\/wp\/v2\/types\/page"}],"author":[{"embeddable":true,"href":"https:\/\/eglise-catholique-valdorge.fr\/index.php?rest_route=\/wp\/v2\/users\/1"}],"replies":[{"embeddable":true,"href":"https:\/\/eglise-catholique-valdorge.fr\/index.php?rest_route=%2Fwp%2Fv2%2Fcomments&post=447"}],"version-history":[{"count":19,"href":"https:\/\/eglise-catholique-valdorge.fr\/index.php?rest_route=\/wp\/v2\/pages\/447\/revisions"}],"predecessor-version":[{"id":1604,"href":"https:\/\/eglise-catholique-valdorge.fr\/index.php?rest_route=\/wp\/v2\/pages\/447\/revisions\/1604"}],"wp:attachment":[{"href":"https:\/\/eglise-catholique-valdorge.fr\/index.php?rest_route=%2Fwp%2Fv2%2Fmedia&parent=447"}],"curies":[{"name":"wp","href":"https:\/\/api.w.org\/{rel}","templated":true}]}}

les coordonnées d&rsquo;un responsable

<p><span style="font-size: 12pt;"><strong><span style="font-family: georgia,palatino,serif;">Votre demande concerne : </span></strong></span></p>
<ul>
<li><span style="font-family: tahoma,arial,helvetica,sans-serif; font-size: 12pt;"><a href="http://eglise-catholique-valdorge.fr/?page_id=90"><span style="color: #800000;">baptême</span> </a>bébé (0-3 ans) : 07.68 .01.55.36 <strong><a href="http://eglise-catholique-valdorge.fr/?page_id=136">mail</a></strong></span></li>
<li><span style="font-family: tahoma,arial,helvetica,sans-serif; font-size: 12pt;"><a href="http://eglise-catholique-valdorge.fr/?page_id=90"><span style="color: #800000;">baptême</span> </a>petits enfants (âge maternelle) : 09 67 06 59 03 <a href="http://eglise-catholique-valdorge.fr/?page_id=475"><strong>mail</strong></a></span></li>
<li><span style="font-family: tahoma,arial,helvetica,sans-serif; font-size: 12pt;"><span style="color: #800000;"><a href="http://eglise-catholique-valdorge.fr/?page_id=90">baptême</a>-communion</span> enfants (âge caté) : 09 67 06 59 03 <a href="http://eglise-catholique-valdorge.fr/?page_id=480"><strong>mail</strong></a><br />
</span></li>
<li><span style="font-family: tahoma,arial,helvetica,sans-serif; font-size: 12pt;"><span style="color: #800000;"><a href="http://eglise-catholique-valdorge.fr/?page_id=90">baptême</a>-confirmation-communion</span> adolescents (âge collège/lycée) : 09 67 06 59 03 <a href="http://eglise-catholique-valdorge.fr/?page_id=490"><strong>mail</strong></a><br />
</span></li>
<li><span style="font-family: tahoma,arial,helvetica,sans-serif; font-size: 12pt;"><span style="color: #800000;"><a href="http://eglise-catholique-valdorge.fr/?page_id=90">baptême</a>-confirmation-communion</span> adultes : 01 69 01 83 66 <a href="http://eglise-catholique-valdorge.fr/?page_id=484"><strong>mail</strong> </a><br />
</span></li>
<li><span style="font-family: tahoma,arial,helvetica,sans-serif; font-size: 12pt;">catéchèse de la maternelle au lycée : <strong><a href="https://eglise-catholique-valdorge.fr/?page_id=167">mail </a></strong></span></li>
<li><span style="font-family: tahoma,arial,helvetica,sans-serif; font-size: 12pt;">pastorale de la santé (maison de retraite) : <strong><a href="https://eglise-catholique-valdorge.fr/?page_id=582&amp;preview=true">mail</a></strong></span></li>
<li><span style="font-family: tahoma,arial,helvetica,sans-serif; font-size: 12pt;">servants d&rsquo;autel (enfants de choeur) : <a href="https://eglise-catholique-valdorge.fr/?page_id=599"><strong>mail</strong></a></span></li>
<li><span style="font-size: 12pt;"><span style="font-family: tahoma,arial,helvetica,sans-serif;">scouts et guides de France : <a href="https://eglise-catholique-valdorge.fr/?page_id=586"><strong>mail</strong></a></span></span></li>
<li><span style="font-family: tahoma,arial,helvetica,sans-serif; font-size: 12pt;">vents d&rsquo;Espérance (18-30 ans) : <strong>mail</strong></span></li>
</ul>

<p>Votre demande concerne : baptême bébé (0-3 ans) : 07.68 .01.55.36 mail baptême petits enfants (âge maternelle) : 09 67 06 59 03 mail baptême-communion enfants (âge caté) : 09 67 06 59 03 mail baptême-confirmation-communion adolescents (âge collège/lycée) : 09 &hellip; <a href="https://eglise-catholique-valdorge.fr/?page_id=447">Lire la suite­­</a></p>
