{"id":509,"date":"2017-10-17T15:25:32","date_gmt":"2017-10-17T13:25:32","guid":{"rendered":"https:\/\/eglise-catholique-valdorge.fr\/?page_id=509"},"modified":"2017-10-17T15:58:12","modified_gmt":"2017-10-17T13:58:12","slug":"les-funerailles-dun-proche","status":"publish","type":"page","link":"https:\/\/eglise-catholique-valdorge.fr\/?page_id=509","title":{"rendered":"les fun\u00e9railles d&rsquo;un proche"},"content":{"rendered":"<p><span style=\"font-family: book antiqua,palatino,serif;\">Vous venez de perdre un proche et vous souhaitez organiser des obs\u00e8ques religieuses&#8230; n<\/span><span style=\"font-family: book antiqua,palatino,serif;\">ous sommes \u00e0 votre \u00e9coute.<\/span><\/p>\n<p><span style=\"font-family: book antiqua,palatino,serif;\">Dans un tout premier temps vous devez vous adresser aux Pompes fun\u00e8bres afin d&rsquo;effectuer les premi\u00e8res d\u00e9marches l\u00e9gales.<br \/>\n<\/span><\/p>\n<p><span style=\"font-family: book antiqua,palatino,serif;\">Puis ensemble, vous, les Pompes fun\u00e8bres et notre \u00e9quipe Esp\u00e9rance nous fixeront le jour et l\u2019heure de la c\u00e9r\u00e9monie. <\/span><\/p>\n<p><span style=\"font-family: book antiqua,palatino,serif;\">Enfin nous \u00e9laborerons la c\u00e9l\u00e9bration.<br \/>\n<\/span><\/p>\n<p><span style=\"font-family: book antiqua,palatino,serif;\">Avec l&rsquo;\u00e9quipe Esp\u00e9rance de notre secteur, form\u00e9e de plusieurs la\u00efcs, vous aborderez:<br \/>\n<\/span><\/p>\n<p><span style=\"font-family: book antiqua,palatino,serif;\"><img loading=\"lazy\" decoding=\"async\" class=\"puce\" src=\"https:\/\/www.evry.catholique.fr\/local\/cache-vignettes\/L8xH11\/puce-32883.gif?1497519534\" alt=\"-\" width=\"8\" height=\"11\" \/>\u00a0<strong>la personnalit\u00e9 du d\u00e9funt<\/strong> et les circonstances de son d\u00e9c\u00e8s, <\/span><br \/>\n<span style=\"font-family: book antiqua,palatino,serif;\"><img loading=\"lazy\" decoding=\"async\" class=\"puce\" src=\"https:\/\/www.evry.catholique.fr\/local\/cache-vignettes\/L8xH11\/puce-32883.gif?1497519534\" alt=\"-\" width=\"8\" height=\"11\" \/>\u00a0<strong>le sens que l\u2019on veut donner \u00e0 la c\u00e9r\u00e9monie<\/strong> en tenant compte de l\u2019assembl\u00e9e, <\/span><br \/>\n<span style=\"font-family: book antiqua,palatino,serif;\"><img loading=\"lazy\" decoding=\"async\" class=\"puce\" src=\"https:\/\/www.evry.catholique.fr\/local\/cache-vignettes\/L8xH11\/puce-32883.gif?1497519534\" alt=\"-\" width=\"8\" height=\"11\" \/>\u00a0<strong>le choix des textes<\/strong>, <\/span><br \/>\n<span style=\"font-family: book antiqua,palatino,serif;\"><img loading=\"lazy\" decoding=\"async\" class=\"puce\" src=\"https:\/\/www.evry.catholique.fr\/local\/cache-vignettes\/L8xH11\/puce-32883.gif?1497519534\" alt=\"-\" width=\"8\" height=\"11\" \/>\u00a0<strong>les intentions de pri\u00e8re<\/strong> pour la pri\u00e8re universelle, <\/span><br \/>\n<span style=\"font-family: book antiqua,palatino,serif;\"><img loading=\"lazy\" decoding=\"async\" class=\"puce\" src=\"https:\/\/www.evry.catholique.fr\/local\/cache-vignettes\/L8xH11\/puce-32883.gif?1497519534\" alt=\"-\" width=\"8\" height=\"11\" \/>\u00a0<strong>les chants et la musique<\/strong>, <\/span><br \/>\n<span style=\"font-family: book antiqua,palatino,serif;\"><img loading=\"lazy\" decoding=\"async\" class=\"puce\" src=\"https:\/\/www.evry.catholique.fr\/local\/cache-vignettes\/L8xH11\/puce-32883.gif?1497519534\" alt=\"-\" width=\"8\" height=\"11\" \/>\u00a0<strong>la participation des proches<\/strong> (lecture des textes, rite de la lumi\u00e8re) <\/span><br \/>\n<span style=\"font-family: book antiqua,palatino,serif;\"><img loading=\"lazy\" decoding=\"async\" class=\"puce\" src=\"https:\/\/www.evry.catholique.fr\/local\/cache-vignettes\/L8xH11\/puce-32883.gif?1497519534\" alt=\"-\" width=\"8\" height=\"11\" \/>\u00a0\u00e9ventuellement un t\u00e9moignage sur le d\u00e9funt.<\/span><\/p>\n","protected":false},"excerpt":{"rendered":"<p>Vous venez de perdre un proche et vous souhaitez organiser des obs\u00e8ques religieuses&#8230; nous sommes \u00e0 votre \u00e9coute. Dans un tout premier temps vous devez vous adresser aux Pompes fun\u00e8bres afin d&rsquo;effectuer les premi\u00e8res d\u00e9marches l\u00e9gales. Puis ensemble, vous, les &hellip; <a href=\"https:\/\/eglise-catholique-valdorge.fr\/?page_id=509\">Lire la suite\u00ad\u00ad<\/a><\/p>\n","protected":false},"author":1,"featured_media":0,"parent":0,"menu_order":0,"comment_status":"closed","ping_status":"closed","template":"","meta":{"kt_blocks_editor_width":"","footnotes":""},"_links":{"self":[{"href":"https:\/\/eglise-catholique-valdorge.fr\/index.php?rest_route=\/wp\/v2\/pages\/509"}],"collection":[{"href":"https:\/\/eglise-catholique-valdorge.fr\/index.php?rest_route=\/wp\/v2\/pages"}],"about":[{"href":"https:\/\/eglise-catholique-valdorge.fr\/index.php?rest_route=\/wp\/v2\/types\/page"}],"author":[{"embeddable":true,"href":"https:\/\/eglise-catholique-valdorge.fr\/index.php?rest_route=\/wp\/v2\/users\/1"}],"replies":[{"embeddable":true,"href":"https:\/\/eglise-catholique-valdorge.fr\/index.php?rest_route=%2Fwp%2Fv2%2Fcomments&post=509"}],"version-history":[{"count":3,"href":"https:\/\/eglise-catholique-valdorge.fr\/index.php?rest_route=\/wp\/v2\/pages\/509\/revisions"}],"predecessor-version":[{"id":512,"href":"https:\/\/eglise-catholique-valdorge.fr\/index.php?rest_route=\/wp\/v2\/pages\/509\/revisions\/512"}],"wp:attachment":[{"href":"https:\/\/eglise-catholique-valdorge.fr\/index.php?rest_route=%2Fwp%2Fv2%2Fmedia&parent=509"}],"curies":[{"name":"wp","href":"https:\/\/api.w.org\/{rel}","templated":true}]}}