{"id":515,"date":"2017-10-17T16:01:18","date_gmt":"2017-10-17T14:01:18","guid":{"rendered":"https:\/\/eglise-catholique-valdorge.fr\/?page_id=515"},"modified":"2020-04-17T13:06:38","modified_gmt":"2020-04-17T11:06:38","slug":"une-messe-en-memoire-dun-proche","status":"publish","type":"page","link":"https:\/\/eglise-catholique-valdorge.fr\/?page_id=515","title":{"rendered":"une intention de pri\u00e8re au cours d&rsquo;une messe"},"content":{"rendered":"<p><span style=\"font-family: tahoma,arial,helvetica,sans-serif; font-size: 12pt;\">Vous souhaitez partager \/ confier \u00e0 la communaut\u00e9 une intention de pri\u00e8re au cours d&rsquo;une messe ?<\/span><\/p>\n<p><span style=\"font-family: tahoma,arial,helvetica,sans-serif;\"><span style=\"font-size: 12pt;\">Pour cela, vous pouvez vous rendre 30 min avant la c\u00e9l\u00e9bration directement \u00e0 l&rsquo;\u00e9glise pour rencontrer l&rsquo;\u00e9quipe liturgique (<span style=\"color: #0000ff;\"><strong><a style=\"color: #0000ff;\" href=\"https:\/\/eglise-catholique-valdorge.fr\/?page_id=219\">voir horaire de messe<\/a><\/strong><\/span>) ou venir la semaine pr\u00e9c\u00e9dente \u00e0 <span style=\"color: #0000ff;\"><strong><a style=\"color: #0000ff;\" href=\"https:\/\/eglise-catholique-valdorge.fr\/?page_id=231\">l&rsquo;accueil de la paroisse<\/a><\/strong><\/span> ou <span style=\"color: #0000ff;\"><strong><a style=\"color: #0000ff;\" href=\"https:\/\/eglise-catholique-valdorge.fr\/?page_id=623\">nous faire parvenir un mail<\/a><\/strong><\/span>, nous vous contacterons.<\/span> <\/span><\/p>\n<p><img loading=\"lazy\" decoding=\"async\" class=\"alignnone size-thumbnail wp-image-618 aligncenter\" src=\"https:\/\/eglise-catholique-valdorge.fr\/wp-content\/uploads\/2017\/10\/bougies-150x150.jpg\" alt=\"\" width=\"150\" height=\"150\" \/><\/p>\n","protected":false},"excerpt":{"rendered":"<p>Vous souhaitez partager \/ confier \u00e0 la communaut\u00e9 une intention de pri\u00e8re au cours d&rsquo;une messe ? Pour cela, vous pouvez vous rendre 30 min avant la c\u00e9l\u00e9bration directement \u00e0 l&rsquo;\u00e9glise pour rencontrer l&rsquo;\u00e9quipe liturgique (voir horaire de messe) ou &hellip; <a href=\"https:\/\/eglise-catholique-valdorge.fr\/?page_id=515\">Lire la suite\u00ad\u00ad<\/a><\/p>\n","protected":false},"author":1,"featured_media":0,"parent":0,"menu_order":0,"comment_status":"closed","ping_status":"closed","template":"","meta":{"kt_blocks_editor_width":"","footnotes":""},"_links":{"self":[{"href":"https:\/\/eglise-catholique-valdorge.fr\/index.php?rest_route=\/wp\/v2\/pages\/515"}],"collection":[{"href":"https:\/\/eglise-catholique-valdorge.fr\/index.php?rest_route=\/wp\/v2\/pages"}],"about":[{"href":"https:\/\/eglise-catholique-valdorge.fr\/index.php?rest_route=\/wp\/v2\/types\/page"}],"author":[{"embeddable":true,"href":"https:\/\/eglise-catholique-valdorge.fr\/index.php?rest_route=\/wp\/v2\/users\/1"}],"replies":[{"embeddable":true,"href":"https:\/\/eglise-catholique-valdorge.fr\/index.php?rest_route=%2Fwp%2Fv2%2Fcomments&post=515"}],"version-history":[{"count":8,"href":"https:\/\/eglise-catholique-valdorge.fr\/index.php?rest_route=\/wp\/v2\/pages\/515\/revisions"}],"predecessor-version":[{"id":3243,"href":"https:\/\/eglise-catholique-valdorge.fr\/index.php?rest_route=\/wp\/v2\/pages\/515\/revisions\/3243"}],"wp:attachment":[{"href":"https:\/\/eglise-catholique-valdorge.fr\/index.php?rest_route=%2Fwp%2Fv2%2Fmedia&parent=515"}],"curies":[{"name":"wp","href":"https:\/\/api.w.org\/{rel}","templated":true}]}}