{"id":5866,"date":"2022-04-23T15:42:34","date_gmt":"2022-04-23T13:42:34","guid":{"rendered":"https:\/\/eglise-catholique-valdorge.fr\/?page_id=5866"},"modified":"2025-07-05T23:04:29","modified_gmt":"2025-07-05T21:04:29","slug":"vacances-scolaires-2021-2022-horaire-des-messes","status":"publish","type":"page","link":"https:\/\/eglise-catholique-valdorge.fr\/?page_id=5866","title":{"rendered":"Vacances Scolaires 2025-2026 : Horaires des messes"},"content":{"rendered":"\n<p><\/p>\n\n\n\n<p><\/p>\n\n\n\n<!-- Vacances de Toussaint -->\n<h3 style=\"text-align: center;\"><span style=\"color: #ff0000;\"><b>Vacances de Toussaint\u00a0: <span style=\"color: #339966;\">Sam 18 Oct. &#8211; Lun 03 Nov.<\/span><\/b><\/span><\/h3>\n<p><span style=\"font-size: 16pt; color: #9f21d1;\"><b><u>Samedi<\/u><\/b><\/span><br \/><span style=\"color: #ffffff; font-size: 12pt;\"><b>11<span style=\"color: #000000; font-size: 12pt;\">18h00 <span style=\"color: #0000ff;\">\u00c9glise St JM Vianney <\/span><\/span><\/b><span style=\"color: #000000; font-size: 12pt;\">(26 avenue Georges Pitard &#8211; Ste-Genevi\u00e8ve-des-Bois)<\/span><\/span><br \/><span style=\"color: #ffffff; font-size: 12pt;\"><b>11<span style=\"color: #000000; font-size: 12pt;\">18h30 <span style=\"color: #0000ff;\">\u00c9glise St Joseph <\/span><\/span><\/b><span style=\"color: #000000; font-size: 12pt;\">(Place du Campanile &#8211; Villemoisson-sur-Orge)<\/span><\/span><br \/>\n\n<\/p>\n<p><span style=\"font-size: 16pt; color: #9f21d1;\"><b><u>Dimanche<\/u><\/b><\/span><br \/><span style=\"color: #ffffff; font-size: 12pt;\"><b>111<span style=\"color: #000000; font-size: 12pt;\">9h00 <span style=\"color: #0000ff;\">\u00c9glise Ste Genevi\u00e8ve <\/span><\/span><\/b><span style=\"color: #000000; font-size: 12pt;\">(193 route de Corbeil &#8211; Ste-Genevi\u00e8ve-des-Bois)<\/span><\/span><br \/><span style=\"color: #ffffff; font-size: 12pt;\"><b>11<span style=\"color: #000000; font-size: 12pt;\">10h30 <span style=\"color: #0000ff;\">\u00c9glise St Jean Ap\u00f4tre <\/span><\/span><\/b><span style=\"color: #000000; font-size: 12pt;\">(34 avenue Saint Sa\u00ebns &#8211; St-Michel-sur-Orge)<\/span><\/span><br \/><span style=\"color: #ffffff; font-size: 12pt;\"><b>1110h30 <span style=\"color: #0000ff;\">Chapelle Notre-Dame de Gr\u00e2ce <\/span><\/span><\/b><span style=\"color: #000000; font-size: 12pt;\">(85 avenue de Juvisy &#8211; Morsang-sur-Orge)<\/span><\/span><br \/><span style=\"color: #ffffff; font-size: 12pt;\"><b>11<span style=\"color: #000000; font-size: 12pt;\">11h00 <span style=\"color: #0000ff;\">\u00c9glise St R\u00e9dempteur <\/span><\/span><\/b><span style=\"color: #000000; font-size: 12pt;\">(5 rue Roger Clavier &#8211; Fleury-M\u00e9rogis)<\/span><\/span><br \/><br \/><span style=\"color: #ff0000; font-size: 12pt;\"><b>1er nov. <\/b><br \/>\n<span style=\"color: #ffffff; font-size: 12pt;\"><b>111<span style=\"color: #000000; font-size: 12pt;\">9h00 <span style=\"color: #0000ff;\">\u00c9glise Ste Genevi\u00e8ve <\/span><\/span><\/b><span style=\"color: #000000; font-size: 12pt;\">(193 route de Corbeil &#8211; Ste-Genevi\u00e8ve-des-Bois)<\/span><\/span><br \/><span style=\"color: #ffffff; font-size: 12pt;\"><b>11<span style=\"color: #000000; font-size: 12pt;\">10h30 <span style=\"color: #0000ff;\">\u00c9glise St Jean Ap\u00f4tre <\/span><\/span><\/b><span style=\"color: #000000; font-size: 12pt;\">(34 avenue Saint Sa\u00ebns &#8211; St-Michel-sur-Orge)<\/span><\/span><br \/><span style=\"color: #ffffff; font-size: 12pt;\"><b>1110h30 <span style=\"color: #0000ff;\">Chapelle Notre-Dame de Gr\u00e2ce <\/span><\/span><\/b><span style=\"color: #000000; font-size: 12pt;\">(85 avenue de Juvisy &#8211; Morsang-sur-Orge)<\/span><\/span><br \/><span style=\"color: #ffffff; font-size: 12pt;\"><b>11<span style=\"color: #000000; font-size: 12pt;\">11h00 <span style=\"color: #0000ff;\">\u00c9glise St R\u00e9dempteur <\/span><\/span><\/b><span style=\"color: #000000; font-size: 12pt;\">(5 rue Roger Clavier &#8211; Fleury-M\u00e9rogis)<\/span><\/span><br \/><span style=\"color: #ffffff; font-size: 12pt;\"><b>11<span style=\"color: #000000; font-size: 12pt;\">18h30 <em> Messe anticip\u00e9e<\/em> <span style=\"color: #0000ff;\">\u00c9glise St Laurent <\/span><\/span><\/b><span style=\"color: #000000; font-size: 12pt;\">(7 rue de l&rsquo;\u00c9glise &#8211; Villemoisson-sur-Orge)<\/span><\/span><br \/>\n<span style=\"color: #ffffff; font-size: 12pt;\"><b>1118h30<em> Messe anticip\u00e9e<\/em> <span style=\"color: #0000ff;\">Relais St Hubert <\/span><\/span><\/b><\/span><span style=\"color: #000000; font-size: 12pt;\">(Rue d\u2019Holbach &#8211; Ste-Genevi\u00e8ve-des-Bois)<\/span><\/p>\n<p>\u00a0<\/p>\n\n<!-- Vacances de No\u00ebl -->\n<h3 style=\"text-align: center;\"><span style=\"color: #ff0000;\"><b>Vacances de No\u00ebl\u00a0: <span style=\"color: #339966;\">Sam 20 D\u00e9c. &#8211; Lun 05 Janv.<\/span><\/b><\/span><\/h3>\n<p><span style=\"font-size: 16pt; color: #9f21d1;\"><b><u>Samedi<\/u><\/b><\/span><br \/><span style=\"color: #ffffff; font-size: 12pt;\"><b>11<span style=\"color: #000000; font-size: 12pt;\">18h00 <span style=\"color: #0000ff;\">Eglise Saint Michel <\/span><\/span><\/b><span style=\"color: #000000; font-size: 12pt;\">(9 rue d&rsquo;Enfer &#8211; St-Michel-sur-Orge)<\/span><\/span><br \/><span style=\"color: #ffffff; font-size: 12pt;\"><b>11<span style=\"color: #000000; font-size: 12pt;\">18h30 <span style=\"color: #0000ff;\">\u00c9glise St Joseph <\/span><\/span><\/b><span style=\"color: #000000; font-size: 12pt;\">(Place du Campanile &#8211; Villemoisson-sur-Orge)<\/span><\/span><br \/><span style=\"color: #ffffff; font-size: 12pt;\"><b>11<span style=\"color: #000000; font-size: 12pt;\">20 d\u00e9c. \u00e0 18h30 <span style=\"color: #0000ff;\">Relais St Hubert <\/span><\/span><\/b><\/span><span style=\"color: #000000; font-size: 12pt;\">(Rue d\u2019Holbach &#8211; Ste-Genevi\u00e8ve-des-Bois)<\/span><\/p>\n<p><span style=\"font-size: 16pt; color: #9f21d1;\"><b><u>Dimanche<\/u><\/b><\/span><br \/><span style=\"color: #ffffff; font-size: 12pt;\"><b>111<span style=\"color: #000000; font-size: 12pt;\">9h00 <span style=\"color: #0000ff;\">\u00c9glise Ste Genevi\u00e8ve <\/span><\/span><\/b><span style=\"color: #000000; font-size: 12pt;\">(193 route de Corbeil &#8211; Ste-Genevi\u00e8ve-des-Bois)<\/span><\/span><br \/><span style=\"color: #ffffff; font-size: 12pt;\"><b>11<span style=\"color: #000000; font-size: 12pt;\">10h30 <span style=\"color: #0000ff;\">\u00c9glise St Jean Ap\u00f4tre <\/span><\/span><\/b><span style=\"color: #000000; font-size: 12pt;\">(34 avenue Saint Sa\u00ebns &#8211; St-Michel-sur-Orge)<\/span><\/span><br \/><span style=\"color: #ffffff; font-size: 12pt;\"><b>1110h30 <span style=\"color: #0000ff;\">\u00c9glise Notre-Dame de Gr\u00e2ce <\/span><\/span><\/b><span style=\"color: #000000; font-size: 12pt;\">(85 avenue de Juvisy &#8211; Morsang-sur-Orge)<\/span><\/span><br \/><span style=\"color: #ffffff; font-size: 12pt;\"><b>11<span style=\"color: #000000; font-size: 12pt;\">11h00 <span style=\"color: #0000ff;\">\u00c9glise St R\u00e9dempteur <\/span><\/span><\/b><span style=\"color: #000000; font-size: 12pt;\">(5 rue Roger Clavier &#8211; Fleury-M\u00e9rogis)<\/span><\/span><br \/><br \/>\n\n<span style=\"color: #ff0000; font-size: 12pt;\"><b>Mercredi 24 d\u00e9c. <\/b><br \/>\n<span style=\"color: #ffffff; font-size: 12pt;\"><b>11<span style=\"color: #000000; font-size: 12pt;\">18h00 <span style=\"color: #0000ff;\">\u00c9glise St JM Vianney <\/span><\/span><\/b><span style=\"color: #000000; font-size: 12pt;\">(26 avenue Georges Pitard &#8211; Ste-Genevi\u00e8ve-des-Bois)<\/span><\/span><br \/>\n<span style=\"color: #ffffff; font-size: 12pt;\"><b>1118h00 <span style=\"color: #0000ff;\">\u00c9glise St Jean Ap\u00f4tre <\/span><\/span><\/b><span style=\"color: #000000; font-size: 12pt;\">(34 avenue Saint Sa\u00ebns &#8211; St-Michel-sur-Orge)<\/span><\/span><br \/>\n<span style=\"color: #ffffff; font-size: 12pt;\"><b>11<span style=\"color: #000000; font-size: 12pt;\">18h30 <span style=\"color: #0000ff;\">Chapelle Notre-Dame de Gr\u00e2ce <\/span><\/span><\/b><span style=\"color: #000000; font-size: 12pt;\">(85 avenue de Juvisy &#8211; Morsang-sur-Orge)<\/span><\/span><br \/>\n<span style=\"color: #ffffff; font-size: 12pt;\"><b>1118h30 <span style=\"color: #0000ff;\">\u00c9glise St Joseph <\/span><\/span><\/b><span style=\"color: #000000; font-size: 12pt;\">(Place du Campanile &#8211; Villemoisson-sur-Orge)<\/span><\/span><br \/>\n<span style=\"color: #ffffff; font-size: 12pt;\"><b>11<span style=\"color: #000000; font-size: 12pt;\">20h00 <span style=\"color: #0000ff;\">\u00c9glise St R\u00e9dempteur <\/span><\/span><\/b><span style=\"color: #000000; font-size: 12pt;\">(5 rue Roger Clavier &#8211; Fleury-M\u00e9rogis)<\/span><\/span><br \/>\n<span style=\"color: #ffffff; font-size: 12pt;\"><b>11<span style=\"color: #000000; font-size: 12pt;\">23h00 <span style=\"color: #0000ff;\">\u00c9glise Ste Genevi\u00e8ve <\/span><\/span><\/b><span style=\"color: #000000; font-size: 12pt;\">(193 route de Corbeil &#8211; Ste-Genevi\u00e8ve-des-Bois)<\/span>\/span><br \/><br \/>\n\n<span style=\"color: #ff0000; font-size: 12pt;\"><b>Jeudi 25 d\u00e9c. <\/b><br \/>\n<span style=\"color: #ffffff; font-size: 12pt;\"><b>11<span style=\"color: #000000; font-size: 12pt;\">10h30 <span style=\"color: #0000ff;\">Eglise Saint Michel <\/span><\/span><\/b><span style=\"color: #000000; font-size: 12pt;\">(9 rue d&rsquo;Enfer &#8211; St-Michel-sur-Orge)<\/span><\/span><br \/>\n<span style=\"color: #ffffff; font-size: 12pt;\"><b>1110h30 <span style=\"color: #0000ff;\">Chapelle Notre-Dame de Gr\u00e2ce <\/span><\/span><\/b><span style=\"color: #000000; font-size: 12pt;\">(85 avenue de Juvisy &#8211; Morsang-sur-Orge)<\/span><\/span><br \/>\n<span style=\"color: #ffffff; font-size: 12pt;\"><b>11<span style=\"color: #000000; font-size: 12pt;\">11h00 <span style=\"color: #0000ff;\">Communaut\u00e9 portugaise <\/span><\/span><\/b><span style=\"color: #000000; font-size: 12pt;\">(Place Georges Dimitrov &#8211; Ste-Genevi\u00e8ve-des-Bois)<\/span><\/span>\n<\/p>\n<p>\u00a0<\/p>\n\n<!-- Vacances d'Hiver -->\n<h3 style=\"text-align: center;\"><span style=\"color: #ff0000;\"><b>Vacances d\u2019Hiver\u00a0: <span style=\"color: #339966;\">Sam 21 F\u00e9v. &#8211; Lun 09 Mars.<\/span><\/b><\/span><\/h3>\n<p><span style=\"font-size: 16pt; color: #9f21d1;\"><b><u>Samedi<\/u><\/b><\/span><br \/><span style=\"color: #ffffff; font-size: 12pt;\"><b>11<span style=\"color: #000000; font-size: 12pt;\">18h00 <span style=\"color: #0000ff;\">\u00c9glise St JM Vianney <\/span><\/span><\/b><span style=\"color: #000000; font-size: 12pt;\">(26 rue Georges Pitard &#8211; Ste-Genevi\u00e8ve-des-Bois)<\/span><\/span><br \/><span style=\"color: #ffffff; font-size: 12pt;\"><b>1118h00 <span style=\"color: #0000ff;\">Eglise Saint Michel <\/span><\/span><\/b><span style=\"color: #000000; font-size: 12pt;\">(9 rue d&rsquo;Enfer &#8211; St-Michel-sur-Orge)<\/span><\/span><br \/><span style=\"color: #ffffff; font-size: 12pt;\"><b>11<span style=\"color: #000000; font-size: 12pt;\">21 f\u00e9v. \u00e0 18h30 <span style=\"color: #0000ff;\">Relais St Hubert <\/span><\/span><\/b><\/span><span style=\"color: #000000; font-size: 12pt;\">(Rue d\u2019Holbach &#8211; Ste-Genevi\u00e8ve-des-Bois)<\/span><\/p>\n<p><span style=\"font-size: 16pt; color: #9f21d1;\"><b><u>Dimanche<\/u><\/b><\/span><br \/><span style=\"color: #ffffff; font-size: 12pt;\"><b>111<span style=\"color: #000000; font-size: 12pt;\">9h00 <span style=\"color: #0000ff;\">\u00c9glise Ste Genevi\u00e8ve <\/span><\/span><\/b><span style=\"color: #000000; font-size: 12pt;\">(193 route de Corbeil &#8211; Ste-Genevi\u00e8ve-des-Bois)<\/span><\/span><br \/><span style=\"color: #ffffff; font-size: 12pt;\"><b>11<span style=\"color: #000000; font-size: 12pt;\">10h30 <span style=\"color: #0000ff;\">\u00c9glise St Jean Ap\u00f4tre <\/span><\/span><\/b><span style=\"color: #000000; font-size: 12pt;\">(Avenue Saint Sa\u00ebns &#8211; St-Michel-sur-Orge)<\/span><\/span><br \/><span style=\"color: #ffffff; font-size: 12pt;\"><b>1110h30 <span style=\"color: #0000ff;\">\u00c9glise Notre-Dame de Gr\u00e2ce <\/span><\/span><\/b><span style=\"color: #000000; font-size: 12pt;\">(85 avenue de Juvisy &#8211; Morsang-sur-Orge)<\/span><\/span><br \/><span style=\"color: #ffffff; font-size: 12pt;\"><b>11<span style=\"color: #000000; font-size: 12pt;\">11h00 <span style=\"color: #0000ff;\">\u00c9glise St R\u00e9dempteur <\/span><\/span><\/b><span style=\"color: #000000; font-size: 12pt;\">(5 rue Roger Clavier &#8211; Fleury-M\u00e9rogis)<\/span><\/span><\/p>\n<p>\u00a0<\/p>\n\n<!-- Vacances de Printemps -->\n<h3 style=\"text-align: center;\"><span style=\"color: #ff0000;\"><b>Vacances de Printemps\u00a0: <span style=\"color: #339966;\">Sam 18 Avr. &#8211; Lun 04 Mai.<\/span><\/b><\/span><\/h3>\n<p><span style=\"font-size: 16pt; color: #9f21d1;\"><b><u>Samedi<\/u><\/b><\/span><br \/><span style=\"color: #ffffff; font-size: 12pt;\"><b>11<span style=\"color: #000000; font-size: 12pt;\">18h00 <span style=\"color: #0000ff;\">\u00c9glise St JM Vianney <\/span><\/span><\/b><span style=\"color: #000000; font-size: 12pt;\">(26 avenue Georges Pitard &#8211; Ste-Genevi\u00e8ve-des-Bois)<\/span><\/span><br \/><span style=\"color: #ffffff; font-size: 12pt;\"><b>11<span style=\"color: #000000; font-size: 12pt;\">18h30 <span style=\"color: #0000ff;\">\u00c9glise St Joseph <\/span><\/span><\/b><span style=\"color: #000000; font-size: 12pt;\">(Place du Campanile &#8211; Villemoisson-sur-Orge)<\/span><\/span><br \/><span style=\"color: #ffffff; font-size: 12pt;\"><b>11<span style=\"color: #000000; font-size: 12pt;\">25 avr. \u00e0 18h30 <span style=\"color: #0000ff;\">Relais St Hubert <\/span><\/span><\/b><\/span><span style=\"color: #000000; font-size: 12pt;\">(Rue d\u2019Holbach &#8211; Ste-Genevi\u00e8ve-des-Bois)<\/span><\/p>\n<p><span style=\"font-size: 16pt; color: #9f21d1;\"><b><u>Dimanche<\/u><\/b><\/span><br \/><span style=\"color: #ffffff; font-size: 12pt;\"><b>111<span style=\"color: #000000; font-size: 12pt;\">9h00 <span style=\"color: #0000ff;\">\u00c9glise Ste Genevi\u00e8ve <\/span><\/span><\/b><span style=\"color: #000000; font-size: 12pt;\">(rte de Corbeil &#8211; Ste-Genevi\u00e8ve-des-Bois)<\/span><\/span><br \/><span style=\"color: #ffffff; font-size: 12pt;\"><b>11<span style=\"color: #000000; font-size: 12pt;\">10h30 <span style=\"color: #0000ff;\">\u00c9glise St Jean Ap\u00f4tre <\/span><\/span><\/b><span style=\"color: #000000; font-size: 12pt;\">(Avenue Saint Sa\u00ebns &#8211; St-Michel-sur-Orge)<\/span><\/span><br \/><span style=\"color: #ffffff; font-size: 12pt;\"><b>1110h30 <span style=\"color: #0000ff;\">\u00c9glise Notre-Dame de Gr\u00e2ce <\/span><\/span><\/b><span style=\"color: #000000; font-size: 12pt;\">(Avenue de Juvisy &#8211; Morsang-sur-Orge)<\/span><\/span><br \/><span style=\"color: #ffffff; font-size: 12pt;\"><b>11<span style=\"color: #000000; font-size: 12pt;\">11h00 <span style=\"color: #0000ff;\">\u00c9glise St R\u00e9dempteur <\/span><\/span><\/b><span style=\"color: #000000; font-size: 12pt;\">(Rue Roger Clavier &#8211; Fleury-M\u00e9rogis)<\/span><\/span><\/p>\n","protected":false},"excerpt":{"rendered":"<p>Vacances de Toussaint\u00a0: Sam 18 Oct. &#8211; Lun 03 Nov. Samedi1118h00 \u00c9glise St JM Vianney (26 avenue Georges Pitard &#8211; Ste-Genevi\u00e8ve-des-Bois)1118h30 \u00c9glise St Joseph (Place du Campanile &#8211; Villemoisson-sur-Orge) Dimanche1119h00 \u00c9glise Ste Genevi\u00e8ve (193 route de Corbeil &#8211; Ste-Genevi\u00e8ve-des-Bois)1110h30 \u00c9glise &hellip; <a href=\"https:\/\/eglise-catholique-valdorge.fr\/?page_id=5866\">Lire la suite\u00ad\u00ad<\/a><\/p>\n","protected":false},"author":1,"featured_media":0,"parent":0,"menu_order":0,"comment_status":"closed","ping_status":"closed","template":"","meta":{"kt_blocks_editor_width":"","footnotes":""},"_links":{"self":[{"href":"https:\/\/eglise-catholique-valdorge.fr\/index.php?rest_route=\/wp\/v2\/pages\/5866"}],"collection":[{"href":"https:\/\/eglise-catholique-valdorge.fr\/index.php?rest_route=\/wp\/v2\/pages"}],"about":[{"href":"https:\/\/eglise-catholique-valdorge.fr\/index.php?rest_route=\/wp\/v2\/types\/page"}],"author":[{"embeddable":true,"href":"https:\/\/eglise-catholique-valdorge.fr\/index.php?rest_route=\/wp\/v2\/users\/1"}],"replies":[{"embeddable":true,"href":"https:\/\/eglise-catholique-valdorge.fr\/index.php?rest_route=%2Fwp%2Fv2%2Fcomments&post=5866"}],"version-history":[{"count":49,"href":"https:\/\/eglise-catholique-valdorge.fr\/index.php?rest_route=\/wp\/v2\/pages\/5866\/revisions"}],"predecessor-version":[{"id":7935,"href":"https:\/\/eglise-catholique-valdorge.fr\/index.php?rest_route=\/wp\/v2\/pages\/5866\/revisions\/7935"}],"wp:attachment":[{"href":"https:\/\/eglise-catholique-valdorge.fr\/index.php?rest_route=%2Fwp%2Fv2%2Fmedia&parent=5866"}],"curies":[{"name":"wp","href":"https:\/\/api.w.org\/{rel}","templated":true}]}}