{"id":752,"date":"2017-10-31T17:13:51","date_gmt":"2017-10-31T16:13:51","guid":{"rendered":"https:\/\/eglise-catholique-valdorge.fr\/?page_id=752"},"modified":"2017-10-31T17:14:25","modified_gmt":"2017-10-31T16:14:25","slug":"ou-sinscrire","status":"publish","type":"page","link":"https:\/\/eglise-catholique-valdorge.fr\/?page_id=752","title":{"rendered":"O\u00f9 s\u2019inscrire ?"},"content":{"rendered":"<ul>\n<li><span style=\"font-size: 14pt; font-family: comic sans ms,sans-serif;\">\u00a0<a href=\"https:\/\/eglise-catholique-valdorge.fr\/?page_id=148\">sur le formulaire en ligne,<\/a><\/span><\/li>\n<\/ul>\n<ul>\n<li>\n<p align=\"justify\"><span style=\"color: #000000; font-size: 14pt;\">\u00a0<span style=\"font-family: Times New Roman,serif;\"><span style=\"font-family: Comic Sans MS,serif;\"><a href=\"https:\/\/eglise-catholique-valdorge.fr\/?page_id=231\">Soit \u00e0 l\u2019accueil de la paroisse de votre domicile<\/a>, <\/span><\/span><\/span><\/p>\n<\/li>\n<li>\n<p align=\"justify\"><span style=\"font-size: 14pt;\"><a href=\"https:\/\/eglise-catholique-valdorge.fr\/?page_id=249\"><span style=\"color: #000000;\"><span style=\"font-family: Times New Roman,serif;\"><span style=\"font-family: Comic Sans MS,serif;\">Soit au centre pastoral Jean XXIII<\/span><\/span><\/span><\/a><\/span><\/p>\n<\/li>\n<\/ul>\n<p align=\"justify\"><span style=\"color: #000000; font-size: 14pt;\"> <span style=\"font-family: Times New Roman,serif;\"><span style=\"font-family: Comic Sans MS,serif;\"><br \/>\n<\/span><\/span><\/span><\/p>\n<p align=\"justify\"><span style=\"color: #000000; font-size: 14pt;\"> <span style=\"font-family: Times New Roman,serif;\"><span style=\"font-family: Comic Sans MS,serif;\">o\u00f9 vous donnerez la date et l\u2019heure <\/span><\/span><\/span><span style=\"color: #000000; font-size: 14pt;\"><span style=\"font-family: Times New Roman,serif;\"><span style=\"font-family: Comic Sans MS,serif;\">envisag\u00e9es pour votre mariage. <\/span><\/span><\/span><\/p>\n<p align=\"justify\"><span style=\"color: #000000; font-size: 14pt;\"><span style=\"font-family: Times New Roman,serif;\"><span style=\"font-family: Comic Sans MS,serif;\">Apr\u00e8s votre inscription, les dossiers administratifs de mariage seront g\u00e9r\u00e9s par le bureau mariage que vous pouvez joindre <\/span><span style=\"font-family: Comic Sans MS,serif;\">:<\/span><\/span><\/span><\/p>\n<p align=\"justify\"><span style=\"color: #000000; font-size: 14pt;\"><span style=\"font-family: Times New Roman,serif;\"><span style=\"font-family: Comic Sans MS,serif;\">T\u00e9l : 07.83.69.26.36<\/span><\/span><\/span><\/p>\n<p align=\"justify\"><span style=\"color: #000000;\"> <span style=\"font-family: Times New Roman,serif;\"><span style=\"font-size: medium;\"><span style=\"font-size: x-large;\"><a href=\"https:\/\/eglise-catholique-valdorge.fr\/?page_id=753&amp;preview=true\"><span style=\"font-family: Comic Sans MS,serif;\">Mail\u00a0 <\/span><\/a><\/span><\/span><\/span><\/span><\/p>\n","protected":false},"excerpt":{"rendered":"<p>\u00a0sur le formulaire en ligne, \u00a0Soit \u00e0 l\u2019accueil de la paroisse de votre domicile, Soit au centre pastoral Jean XXIII o\u00f9 vous donnerez la date et l\u2019heure envisag\u00e9es pour votre mariage. Apr\u00e8s votre inscription, les dossiers administratifs de mariage seront &hellip; <a href=\"https:\/\/eglise-catholique-valdorge.fr\/?page_id=752\">Lire la suite\u00ad\u00ad<\/a><\/p>\n","protected":false},"author":1,"featured_media":0,"parent":0,"menu_order":0,"comment_status":"closed","ping_status":"closed","template":"","meta":{"kt_blocks_editor_width":"","footnotes":""},"_links":{"self":[{"href":"https:\/\/eglise-catholique-valdorge.fr\/index.php?rest_route=\/wp\/v2\/pages\/752"}],"collection":[{"href":"https:\/\/eglise-catholique-valdorge.fr\/index.php?rest_route=\/wp\/v2\/pages"}],"about":[{"href":"https:\/\/eglise-catholique-valdorge.fr\/index.php?rest_route=\/wp\/v2\/types\/page"}],"author":[{"embeddable":true,"href":"https:\/\/eglise-catholique-valdorge.fr\/index.php?rest_route=\/wp\/v2\/users\/1"}],"replies":[{"embeddable":true,"href":"https:\/\/eglise-catholique-valdorge.fr\/index.php?rest_route=%2Fwp%2Fv2%2Fcomments&post=752"}],"version-history":[{"count":2,"href":"https:\/\/eglise-catholique-valdorge.fr\/index.php?rest_route=\/wp\/v2\/pages\/752\/revisions"}],"predecessor-version":[{"id":758,"href":"https:\/\/eglise-catholique-valdorge.fr\/index.php?rest_route=\/wp\/v2\/pages\/752\/revisions\/758"}],"wp:attachment":[{"href":"https:\/\/eglise-catholique-valdorge.fr\/index.php?rest_route=%2Fwp%2Fv2%2Fmedia&parent=752"}],"curies":[{"name":"wp","href":"https:\/\/api.w.org\/{rel}","templated":true}]}}