{"id":760,"date":"2017-10-31T17:28:14","date_gmt":"2017-10-31T16:28:14","guid":{"rendered":"https:\/\/eglise-catholique-valdorge.fr\/?page_id=760"},"modified":"2017-10-31T17:45:52","modified_gmt":"2017-10-31T16:45:52","slug":"lequipe-de-preparation-mariage","status":"publish","type":"page","link":"https:\/\/eglise-catholique-valdorge.fr\/?page_id=760","title":{"rendered":"L&rsquo;\u00e9quipe de pr\u00e9paration mariage ?"},"content":{"rendered":"<p align=\"justify\"><span style=\"font-family: comic sans ms,sans-serif; font-size: 14pt;\">Vous avez \u00e9t\u00e9 accueillis par une \u00e9quipe de b\u00e9n\u00e9voles sur votre paroisse puis le bureau des mariage prend soin de votre dossier puis vous allez rencontrer, <\/span><span style=\"font-size: 14pt;\"><span style=\"color: #000000;\"><span style=\"font-family: Times New Roman,serif;\"><span style=\"font-family: Comic Sans MS,serif;\">une \u00e9quipe <\/span><\/span><\/span><span style=\"color: #000000;\"><span style=\"font-family: Times New Roman,serif;\"><span style=\"font-family: Comic Sans MS,serif;\">compos\u00e9e de couples, <\/span><\/span><\/span><span style=\"color: #000000;\"><span style=\"font-family: Times New Roman,serif;\"><span style=\"font-family: Comic Sans MS,serif;\">de diacres, de pr\u00eatres \u00e0 votre service. <\/span><\/span><\/span><\/span><\/p>\n<p style=\"text-align: left;\" align=\"center\"><span style=\"color: #000000; font-size: 14pt;\"><span style=\"font-family: Times New Roman,serif;\"><span style=\"font-family: Comic Sans MS,serif;\">Nous nous r\u00e9jouissons de pouvoir vous accompagner dans votre pr\u00e9paration du <b>sacrement<\/b> de mariage.<\/span><\/span><\/span><\/p>\n<p align=\"center\"><a href=\"https:\/\/eglise-catholique-valdorge.fr\/wp-content\/uploads\/2017\/10\/mains-tenues.jpg\"><img loading=\"lazy\" decoding=\"async\" class=\"alignnone size-thumbnail wp-image-768\" src=\"https:\/\/eglise-catholique-valdorge.fr\/wp-content\/uploads\/2017\/10\/mains-tenues-150x150.jpg\" alt=\"\" width=\"150\" height=\"150\" \/><\/a><\/p>\n","protected":false},"excerpt":{"rendered":"<p>Vous avez \u00e9t\u00e9 accueillis par une \u00e9quipe de b\u00e9n\u00e9voles sur votre paroisse puis le bureau des mariage prend soin de votre dossier puis vous allez rencontrer, une \u00e9quipe compos\u00e9e de couples, de diacres, de pr\u00eatres \u00e0 votre service. Nous nous &hellip; <a href=\"https:\/\/eglise-catholique-valdorge.fr\/?page_id=760\">Lire la suite\u00ad\u00ad<\/a><\/p>\n","protected":false},"author":1,"featured_media":0,"parent":0,"menu_order":0,"comment_status":"closed","ping_status":"closed","template":"","meta":{"kt_blocks_editor_width":"","footnotes":""},"_links":{"self":[{"href":"https:\/\/eglise-catholique-valdorge.fr\/index.php?rest_route=\/wp\/v2\/pages\/760"}],"collection":[{"href":"https:\/\/eglise-catholique-valdorge.fr\/index.php?rest_route=\/wp\/v2\/pages"}],"about":[{"href":"https:\/\/eglise-catholique-valdorge.fr\/index.php?rest_route=\/wp\/v2\/types\/page"}],"author":[{"embeddable":true,"href":"https:\/\/eglise-catholique-valdorge.fr\/index.php?rest_route=\/wp\/v2\/users\/1"}],"replies":[{"embeddable":true,"href":"https:\/\/eglise-catholique-valdorge.fr\/index.php?rest_route=%2Fwp%2Fv2%2Fcomments&post=760"}],"version-history":[{"count":6,"href":"https:\/\/eglise-catholique-valdorge.fr\/index.php?rest_route=\/wp\/v2\/pages\/760\/revisions"}],"predecessor-version":[{"id":770,"href":"https:\/\/eglise-catholique-valdorge.fr\/index.php?rest_route=\/wp\/v2\/pages\/760\/revisions\/770"}],"wp:attachment":[{"href":"https:\/\/eglise-catholique-valdorge.fr\/index.php?rest_route=%2Fwp%2Fv2%2Fmedia&parent=760"}],"curies":[{"name":"wp","href":"https:\/\/api.w.org\/{rel}","templated":true}]}}