{"id":771,"date":"2017-10-31T17:46:51","date_gmt":"2017-10-31T16:46:51","guid":{"rendered":"https:\/\/eglise-catholique-valdorge.fr\/?page_id=771"},"modified":"2017-10-31T17:46:51","modified_gmt":"2017-10-31T16:46:51","slug":"comment-se-deroule-la-preparation-au-mariage","status":"publish","type":"page","link":"https:\/\/eglise-catholique-valdorge.fr\/?page_id=771","title":{"rendered":"Comment se d\u00e9roule la pr\u00e9paration au mariage ?"},"content":{"rendered":"<p align=\"justify\"><span style=\"color: #000000;\"><span style=\"font-family: Times New Roman,serif;\"><span style=\"font-size: medium;\"><span style=\"font-family: Comic Sans MS,serif;\"><span style=\"font-size: large;\">D\u00e8s que possible, les dates des sessions de pr\u00e9paration vous seront propos\u00e9es. <\/span><\/span><\/span><\/span><\/span><\/p>\n<p align=\"center\"><span style=\"color: #000000;\"><span style=\"font-family: Times New Roman,serif;\"><span style=\"font-size: medium;\"><span style=\"font-family: Comic Sans MS,serif;\"><span style=\"font-size: x-large;\"><b>Une session comprend quatre rencontres:<\/b><\/span><\/span><\/span><\/span><\/span><\/p>\n<p align=\"justify\"><span style=\"color: #000000;\">\u21e8 <span style=\"font-family: Times New Roman,serif;\"><span style=\"font-size: medium;\"><span style=\"font-family: Comic Sans MS,serif;\"><span style=\"font-size: large;\"><b>trois rencontres entre 20h30 et 22h30 en semaine avec des couples animateurs <\/b><\/span><\/span><\/span><\/span><\/span><\/p>\n<p align=\"justify\"><span style=\"color: #000000;\">\u21e8 <span style=\"font-family: Times New Roman,serif;\"><span style=\"font-size: medium;\"><span style=\"font-family: Comic Sans MS,serif;\"><span style=\"font-size: large;\"><b>une participation \u00e0 une messe afin de rencontrer la communaut\u00e9 chr\u00e9tienne avant votre mariage. <\/b><\/span><\/span><\/span><\/span><\/span><\/p>\n<p align=\"justify\"><span style=\"color: #000000;\">\u21e8 <span style=\"font-family: Times New Roman,serif;\"><span style=\"font-size: medium;\"><span style=\"font-family: Comic Sans MS,serif;\"><span style=\"font-size: large;\"><b>Une quatri\u00e8me r\u00e9union sera organis\u00e9e apr\u00e8s votre mariage au cours de laquelle vous retrouverez le couple-animateur et les autres fianc\u00e9s de la session. <\/b><\/span><\/span><\/span><\/span><\/span><\/p>\n","protected":false},"excerpt":{"rendered":"<p>D\u00e8s que possible, les dates des sessions de pr\u00e9paration vous seront propos\u00e9es. Une session comprend quatre rencontres: \u21e8 trois rencontres entre 20h30 et 22h30 en semaine avec des couples animateurs \u21e8 une participation \u00e0 une messe afin de rencontrer la &hellip; <a href=\"https:\/\/eglise-catholique-valdorge.fr\/?page_id=771\">Lire la suite\u00ad\u00ad<\/a><\/p>\n","protected":false},"author":1,"featured_media":0,"parent":0,"menu_order":0,"comment_status":"closed","ping_status":"closed","template":"","meta":{"kt_blocks_editor_width":"","footnotes":""},"_links":{"self":[{"href":"https:\/\/eglise-catholique-valdorge.fr\/index.php?rest_route=\/wp\/v2\/pages\/771"}],"collection":[{"href":"https:\/\/eglise-catholique-valdorge.fr\/index.php?rest_route=\/wp\/v2\/pages"}],"about":[{"href":"https:\/\/eglise-catholique-valdorge.fr\/index.php?rest_route=\/wp\/v2\/types\/page"}],"author":[{"embeddable":true,"href":"https:\/\/eglise-catholique-valdorge.fr\/index.php?rest_route=\/wp\/v2\/users\/1"}],"replies":[{"embeddable":true,"href":"https:\/\/eglise-catholique-valdorge.fr\/index.php?rest_route=%2Fwp%2Fv2%2Fcomments&post=771"}],"version-history":[{"count":1,"href":"https:\/\/eglise-catholique-valdorge.fr\/index.php?rest_route=\/wp\/v2\/pages\/771\/revisions"}],"predecessor-version":[{"id":772,"href":"https:\/\/eglise-catholique-valdorge.fr\/index.php?rest_route=\/wp\/v2\/pages\/771\/revisions\/772"}],"wp:attachment":[{"href":"https:\/\/eglise-catholique-valdorge.fr\/index.php?rest_route=%2Fwp%2Fv2%2Fmedia&parent=771"}],"curies":[{"name":"wp","href":"https:\/\/api.w.org\/{rel}","templated":true}]}}