{"id":7809,"date":"2025-07-03T16:04:14","date_gmt":"2025-07-03T14:04:14","guid":{"rendered":"https:\/\/eglise-catholique-valdorge.fr\/?page_id=7809"},"modified":"2025-07-03T16:37:13","modified_gmt":"2025-07-03T14:37:13","slug":"horaires-de-messe-juillet-et-aout-2025","status":"publish","type":"page","link":"https:\/\/eglise-catholique-valdorge.fr\/?page_id=7809","title":{"rendered":"Horaires de Messe : Juillet et Ao\u00fbt 2025"},"content":{"rendered":"\n<!--\n<h2 style=\"text-align: center;\"><strong><span style=\"color: #ff0000;\">Pendant les vacances, <span style=\"text-decoration: underline;\">toutes les messes en semaine<\/span> du Secteur sont suspendues.<\/span><\/strong><\/h2>\n<h5 style=\"text-align: center;\">Pour plus d'information, aller sur la page <a href=\"https:\/\/eglise-catholique-valdorge.fr\/?p=2740\"><span style=\"color: #0000ff;\">Liens pour rester Unis<\/span><\/a><\/h5>\n-->\n<p>\u00a0<\/p>\n<!-- JUILLET 2025 -->\n<h3 style=\"text-align: center;\"><span style=\"color: #339966;\"><strong>Juillet 2025<\/strong><\/span><\/h3>\n\n<!-- JUILLET 2025 : Messe en semaine -->\n<h3 style=\"text-align: center;\"><span style=\"color: #ff0000;\"><b>Messes en semaine<\/b><\/span><\/h3>\n<!--\n<p><span style=\"font-size: 16pt; color: #9f21d1;\"><strong><u>Mardi<\/u><\/strong><\/span><br \/><span style=\"color: ##800080; font-size: 12pt;\"><strong>\u00a0 \u00a0 \u00a0 \u00a012h00 <span style=\"color: #0000ff;\">Communaut\u00e9 des s\u0153urs <\/span><\/strong>\u00e0<strong> Fleury- M\u00e9rogis,<\/strong> <em>9 rue des Peupliers<\/em><strong> (jusqu'au 20 Juillet)<\/strong><\/p>\n-->\n<p><span style=\"font-size: 16pt; color: #9f21d1;\"><strong><u>Mercredi<\/u> <\/strong><\/span><br \/><span style=\"color: ##800080; font-size: 12pt;\"> <span style=\"color: ##800080; font-size: 12pt;\"><strong>&nbsp; &nbsp; &nbsp; &nbsp;18h00 <span style=\"color: #0000ff;\">Centre Jean XXIII<\/span><\/strong> \u00e0<strong> Ste Genevi\u00e8ve des Bois,<\/strong><em> 76 av Grande Charmille <\/em><br><\/span><\/p>\n<p><strong><span style=\"font-size: 16pt; color: #9f21d1;\"><u>Jeudi (du 1er au 15 juillet)<\/u><\/span><\/strong><br><span style=\"color: ##800080; font-size: 12pt;\"><strong>&nbsp; &nbsp; &nbsp; &nbsp; &nbsp;9h00 <span style=\"color: #0000ff;\">\u00c9glise St Jean Baptiste <\/span><\/strong>\u00e0<strong> Morsang sur Orge, <\/strong><em> 19 rue Jean Raynal <\/em> <br>\n<!--\n<span style=\"color: ##800080; font-size: 12pt;\"><strong>&nbsp; &nbsp; &nbsp; &nbsp;12h00 <span style=\"color: #0000ff;\">Communaut\u00e9 des s\u0153urs <\/span><\/strong>\u00e0<strong> Fleury- M\u00e9rogis,<\/strong> <em> 9 rue des Peupliers<\/em><br><\/span>\n-->\n<\/p>\n<p><strong><span style=\"font-size: 16pt; color: #9f21d1;\"><u>Vendredi<\/u><\/span><\/strong><br><span style=\"color: ##800080; font-size: 12pt;\"><strong>&nbsp; &nbsp; &nbsp; &nbsp; &nbsp;9h00 <span style=\"color: #0000ff;\">\u00c9glise St Jean-Marie Vianney <\/span><\/strong> \u00e0 <strong>Ste Genevi\u00e8ve des Bois,<\/strong><em> rue Georges Pitard <\/em><br><\/span><\/p>\n<!--\n<p><strong><span style=\"font-size: 16pt; color: #9f21d1;\"><u>Vendredi<\/u><\/span><\/strong><br><span style=\"color: ##800080; font-size: 12pt;\"><strong>&nbsp; &nbsp; &nbsp; &nbsp; &nbsp;9h00 <span style=\"color: #0000ff;\">\u00c9glise St Jean-Marie Vianney <\/span><\/strong> \u00e0 <strong>Ste Genevi\u00e8ve des Bois,<\/strong><em> rue Georges Pitard <\/em><\/span><br><span style=\"color: ##800080; font-size: 12pt;\"><strong>&nbsp; &nbsp; &nbsp; &nbsp;12h00 <span style=\"color: #0000ff;\">Communaut\u00e9 des s\u0153urs <\/span><\/strong>\u00e0<strong> Fleury- M\u00e9rogis,<\/strong> <em>9 rue des Peupliers<\/em> <strong>(jusqu'au 12 Juillet)<\/strong><br><\/span><\/p>\n-->\n<p><\/p>\n<!-- JUILLET 2025 : Messe dominicale -->\n<h3 style=\"text-align: center;\"><span style=\"color: #ff0000;\"><b>Messes dominicales\u00a0<\/b><\/span><\/h3>\n<p><span style=\"font-size: 16pt; color: #9f21d1;\"><strong><u>Samedi<\/u> <\/strong><\/span><br \/>\n\n<!--\n<span style=\"color: ##800080; font-size: 12pt;\"><strong>&nbsp; &nbsp; &nbsp; &nbsp;18h00 <span style=\"color: #0000ff;\">\u00c9glise St Jean-Marie Vianney<\/span><\/strong> \u00e0 <strong>Ste Genevi\u00e8ve des Bois, <\/strong><em>rue Georges Pitard<\/em><\/span><br>\n-->\n\n<span style=\"color: ##800080; font-size: 12pt;\"><strong>&nbsp; &nbsp; &nbsp; &nbsp;18h00 <span style=\"color: #0000ff;\">\u00c9glise St Michel<\/span><\/strong> \u00e0 <strong>St Michel sur Orge,<\/strong><em> 9 rue d\u2019Enfer <\/em><\/span><br>\n<span style=\"color: ##800080; font-size: 12pt;\"><strong>&nbsp; &nbsp; &nbsp; &nbsp;18h30 <span style=\"color: #0000ff;\">\u00c9glise St Laurent<\/span><\/strong> \u00e0 <strong>Villemoisson sur Orge, <\/strong><em>7 rue de l&rsquo;Eglise<\/em><\/span>\n<\/p>\n<p><strong><span style=\"font-size: 16pt; color: #9f21d1;\"><u>Dimanche<\/u> <\/span><\/strong><br \/><span style=\"color: ##800080; font-size: 12pt;\"><strong><span style=\"color: #ffffff;\">&nbsp; &nbsp; &nbsp; &nbsp;1<span style=\"color: #000000;\">9h00<\/span><\/span> <span style=\"color: #0000ff;\">\u00c9glise Ste Genevi\u00e8ve<\/span><\/strong> \u00e0 <strong>Ste Genevi\u00e8ve des Bois,<\/strong><em> 193 route de Corbeil <!-- - Capacit\u00e9 : 80 --><\/em><br \/><span style=\"color: ##800080; font-size: 12pt;\"><strong><span style=\"color: #0000ff;\"><span style=\"color: #000000;\">&nbsp; &nbsp; &nbsp; &nbsp;10h30 <\/span><\/span><span style=\"color: #0000ff;\">Chapelle Notre-Dame de Gr\u00e2ce<\/span><\/strong> \u00e0 <strong>Morsang sur Orge,<\/strong><em> 85 av de Juvisy <!--  - Capacit\u00e9 : 100 --> <\/em><br \/>\n<!--\n<span style=\"color: ##800080; font-size: 12pt;\"><strong><span style=\"color: #0000ff;\"> <span style=\"color: #000000;\">&nbsp; &nbsp; &nbsp; &nbsp;11h00<\/span><\/span> <span style=\"color: #0000ff;\">\u00c9glise Saint R\u00e9dempteur<\/span><\/strong> \u00e0 <strong>Fleury-M\u00e9rogis,<\/strong><em> 5 rue Roger Clavier <!-- - Capacit\u00e9 : 80 --><\/em><\/span><\/span><\/span>\n<\/p>\n<p>\u00a0<\/p>\n<p><span style=\"color: ##800080; font-size: 12pt;\"><!-- AO\u00dbT 2025 --><\/span><\/p>\n<h3 style=\"text-align: center;\"><span style=\"color: #339966;\"><strong>Ao\u00fbt 2025<\/strong><\/span><\/h3>\n\n<!-- AO\u00dbT 2025 : Messe en semaine -->\n<h3 style=\"text-align: center;\"><span style=\"color: #ff0000;\"><b>Messes en semaine<\/b><\/span><\/h3>\n<p><span style=\"font-size: 16pt; color: #9f21d1;\"><strong><u>Mardi<\/u> <\/strong><\/span><br \/>\n\n<span style=\"color: ##000000; font-size: 12pt;\"><strong>&nbsp; &nbsp; &nbsp; &nbsp;18h30 <span style=\"color: #0000ff;\">\u00c9glise St Laurent <\/span><\/strong>\u00e0 <strong>Villemoisson sur Orge,<\/strong><em> 7 rue de l&rsquo;Eglise<\/em><\/span><\/p>\n\n<p><span style=\"font-size: 16pt; color: #9f21d1;\"><strong><u>Mercredi<\/u> <\/strong><\/span><br \/><span style=\"color: ##800080; font-size: 12pt;\"><strong><span style=\"color: #ffffff;\">&nbsp; &nbsp; &nbsp; &nbsp;1<span style=\"color: #000000;\">9h00<\/span><\/span> <span style=\"color: #0000ff;\">\u00c9glise St Michel <\/span><\/strong>\u00e0 <strong>St Michel sur Orge,<\/strong><em> rue d\u2019Enfer <!--  - Capacit\u00e9 : 100 --> <\/em><br \/><\/span>\n<span style=\"color: ##800080; font-size: 12pt;\"> <span style=\"color: ##800080; font-size: 12pt;\"><strong>&nbsp; &nbsp; &nbsp; &nbsp;18h00 <span style=\"color: #0000ff;\">Centre Jean XXIII<\/span><\/strong> \u00e0<strong> Ste Genevi\u00e8ve des Bois,<\/strong><em> 76 av Grande Charmille <\/em><br><\/span><\/p>\n\n<p><span style=\"font-size: 16pt; color: #9f21d1;\"><strong><u>Jeudi (\u00e0 partir du 22 Ao\u00fbt 2025)<\/u> <\/strong><\/span><br \/><span style=\"color: ##800080; font-size: 12pt;\"> <strong><span style=\"color: #ffffff;\">&nbsp; &nbsp; &nbsp; &nbsp;1<span style=\"color: #000000;\">9h00<\/span><\/span> <span style=\"color: #0000ff;\">\u00c9glise St Jean-Baptiste <\/span><\/strong>\u00e0 <strong>Morsang sur Orge,<\/strong><em> 19 rue Jean Raynal <\/em><br>\n<\/span><\/p>\n\n<p><strong><span style=\"font-size: 16pt; color: #9f21d1;\"><u>Vendredi<\/u><\/span><\/strong><br><span style=\"color: ##800080; font-size: 12pt;\"><strong>&nbsp; &nbsp; &nbsp; &nbsp; &nbsp;9h00 <span style=\"color: #0000ff;\">\u00c9glise St Jean-Marie Vianney <\/span><\/strong> \u00e0 <strong>Ste Genevi\u00e8ve des Bois,<\/strong><em> rue Georges Pitard <\/em><br><\/span><\/p>\n\n<!--\n<p><span style=\"font-size: 16pt; color: #ff0000; text-align: center;\"><strong><u>15 ao\u00fbt<\/u> <\/strong><\/span><br \/>\n<span style=\"color: ##800080; font-size: 12pt;\"><strong><span style=\"color: #0000ff;\"><span style=\"color: #000000;\">&nbsp; &nbsp; &nbsp; &nbsp;10h30 <\/span><\/span><span style=\"color: #0000ff;\">\u00c9glise St Jean Ap\u00f4tre<\/span><\/strong> \u00e0 <strong>St Michel sur Orge,<\/strong><em> av Saint Sa\u00ebns <\/em><br \/><\/p>\n-->\n\n<!--\n<p><span style=\"font-size: 16pt; color: #ff0000; text-align: center;\"><strong><u>15 ao\u00fbt<\/u> <\/strong><\/span><br \/>\n<span style=\"color: ##800080; font-size: 12pt;\"><strong><span style=\"color: #0000ff;\"><span style=\"color: #000000;\">&nbsp; &nbsp; &nbsp; &nbsp;10h30 <\/span><\/span><span style=\"color: #0000ff;\">\u00c9glise St Jean Ap\u00f4tre<\/span><\/strong> \u00e0 <strong>St Michel sur Orge,<\/strong><em> av Saint Sa\u00ebns <\/em><br \/><\/p>\n-->\n\n<p><span style=\"font-size: 16pt; color: #ff0000; text-align: center;\"><strong><u>15 ao\u00fbt<\/u> <\/strong><\/span><br \/>\n<span style=\"color: ##800080; font-size: 12pt;\"><strong><span style=\"color: #0000ff;\"><span style=\"color: #000000;\">&nbsp; &nbsp; &nbsp; &nbsp;10h30 <\/span><\/span><span style=\"color: #0000ff;\">Chapelle Notre-Dame de Gr\u00e2ce<\/span><\/strong> \u00e0 <strong>Morsang sur Orge,<\/strong><em> 85 av de Juvisy <!--  - Capacit\u00e9 : 100 --> <\/em><br \/><\/p>\n\n<!-- AO\u00dbT 2025 : Messes dominicales -->\n<h3 style=\"text-align: center;\"><span style=\"color: #ff0000;\"><b>Messes dominicales <\/b><\/span><\/h3>\n<p><span style=\"font-size: 16pt; color: #9f21d1;\"><strong><u>Samedi<\/u> <\/strong><\/span><br \/>\n\n<span style=\"color: ##800080; font-size: 12pt;\"> <strong> <span style=\"color: #000000;\">&nbsp; &nbsp; &nbsp; &nbsp;18h00<\/span> <span style=\"color: #0000ff;\">\u00c9glise Saint Jean-Baptiste<\/span><\/strong> \u00e0 <strong>Morsang sur Orge,<\/strong><em> 19 rue Jean Raynal<\/em><br \/>\n<span style=\"color: ##000000; font-size: 12pt;\"><strong>&nbsp; &nbsp; &nbsp; &nbsp;18h00 <span style=\"color: #0000ff;\">\u00c9glise St Jean-Marie Vianney <\/span><\/strong> \u00e0 <strong>Ste Genevi\u00e8ve des Bois,<\/strong><em> rue Georges Pitard <\/em><\/span><\/p>\n<p><strong><span style=\"font-size: 16pt; color: #9f21d1;\"><u>Dimanche<\/u> <\/span><\/strong><br \/><span style=\"color: ##800080; font-size: 12pt;\"><strong><span style=\"color: #ffffff;\">&nbsp; &nbsp; &nbsp; &nbsp;1<span style=\"color: #000000;\">9h00<\/span><\/span> <span style=\"color: #0000ff;\">\u00c9glise Ste Genevi\u00e8ve<\/span><\/strong> \u00e0 <strong>Ste Genevi\u00e8ve des Bois,<\/strong><em> 193 route de Corbeil<\/em><br \/>\n\n<span style=\"color: ##800080; font-size: 12pt;\"><strong><span style=\"color: #0000ff;\"> <span style=\"color: #000000;\">&nbsp; &nbsp; &nbsp; &nbsp;10h30 <\/span><\/span><span style=\"color: #0000ff;\">\u00c9glise St Jean Ap\u00f4tre<\/span><\/strong> \u00e0 <strong>St Michel sur Orge,<\/strong><em> av Saint Sa\u00ebns<\/em><\/strong><\/span><br \/>\n\n<!--\n<span style=\"color: ##800080; font-size: 12pt;\"><strong><span style=\"color: #0000ff;\"> <span style=\"color: #000000;\">&nbsp; &nbsp; &nbsp; &nbsp;11h00<\/span><\/span> <span style=\"color: #0000ff;\">\u00c9glise Saint R\u00e9dempteur<\/span><\/strong> \u00e0 <strong>Fleury-M\u00e9rogis,<\/strong><em> 5 rue Roger Clavier<\/em><\/span><\/span><\/span>\n-->\n<\/p>\n<p>\u00a0<\/p>\n\n\n\n<p><\/p>\n","protected":false},"excerpt":{"rendered":"<p>\u00a0 Juillet 2025 Messes en semaine Mercredi &nbsp; &nbsp; &nbsp; &nbsp;18h00 Centre Jean XXIII \u00e0 Ste Genevi\u00e8ve des Bois, 76 av Grande Charmille Jeudi (du 1er au 15 juillet)&nbsp; &nbsp; &nbsp; &nbsp; &nbsp;9h00 \u00c9glise St Jean Baptiste \u00e0 Morsang sur &hellip; <a href=\"https:\/\/eglise-catholique-valdorge.fr\/?page_id=7809\">Lire la suite\u00ad\u00ad<\/a><\/p>\n","protected":false},"author":1,"featured_media":0,"parent":0,"menu_order":0,"comment_status":"closed","ping_status":"closed","template":"","meta":{"kt_blocks_editor_width":"","footnotes":""},"_links":{"self":[{"href":"https:\/\/eglise-catholique-valdorge.fr\/index.php?rest_route=\/wp\/v2\/pages\/7809"}],"collection":[{"href":"https:\/\/eglise-catholique-valdorge.fr\/index.php?rest_route=\/wp\/v2\/pages"}],"about":[{"href":"https:\/\/eglise-catholique-valdorge.fr\/index.php?rest_route=\/wp\/v2\/types\/page"}],"author":[{"embeddable":true,"href":"https:\/\/eglise-catholique-valdorge.fr\/index.php?rest_route=\/wp\/v2\/users\/1"}],"replies":[{"embeddable":true,"href":"https:\/\/eglise-catholique-valdorge.fr\/index.php?rest_route=%2Fwp%2Fv2%2Fcomments&post=7809"}],"version-history":[{"count":16,"href":"https:\/\/eglise-catholique-valdorge.fr\/index.php?rest_route=\/wp\/v2\/pages\/7809\/revisions"}],"predecessor-version":[{"id":7837,"href":"https:\/\/eglise-catholique-valdorge.fr\/index.php?rest_route=\/wp\/v2\/pages\/7809\/revisions\/7837"}],"wp:attachment":[{"href":"https:\/\/eglise-catholique-valdorge.fr\/index.php?rest_route=%2Fwp%2Fv2%2Fmedia&parent=7809"}],"curies":[{"name":"wp","href":"https:\/\/api.w.org\/{rel}","templated":true}]}}