{"id":792,"date":"2017-10-31T18:55:10","date_gmt":"2017-10-31T17:55:10","guid":{"rendered":"https:\/\/eglise-catholique-valdorge.fr\/?page_id=792"},"modified":"2017-11-14T15:23:05","modified_gmt":"2017-11-14T14:23:05","slug":"participation-financiere","status":"publish","type":"page","link":"https:\/\/eglise-catholique-valdorge.fr\/?page_id=792","title":{"rendered":"Participation financi\u00e8re ?"},"content":{"rendered":"<p><span style=\"font-family: comic sans ms,sans-serif; font-size: 14pt;\">La participation financi\u00e8re (1) qui vous est demand\u00e9e pour un Mariage est \u00e0<b> votre libre appr\u00e9ciation,<\/b> toutefois le dioc\u00e8se pr\u00e9conise un\u00a0 montant minimum de :<br \/>\n<\/span><\/p>\n<p>&nbsp;<\/p>\n<ul>\n<li><span style=\"font-family: comic sans ms,sans-serif; font-size: 14pt;\">250 \u20ac pour les mariages en secteur<\/span><\/li>\n<\/ul>\n<p>&nbsp;<\/p>\n<ul>\n<li><span style=\"font-family: comic sans ms,sans-serif; font-size: 14pt;\">500 \u20ac si vous venez d\u2019un autre dioc\u00e8se<\/span><\/li>\n<\/ul>\n<p>&nbsp;<\/p>\n<ul>\n<li><span style=\"font-family: comic sans ms,sans-serif; font-size: 14pt;\">200 \u20ac si vous allez vous marier dans un autre dioc\u00e8se afin que vous puissiez aussi \u00eatre g\u00e9n\u00e9reux sur votre lieu de c\u00e9l\u00e9bration<\/span><\/li>\n<\/ul>\n<p><span style=\"font-size: 14pt;\"><em><span style=\"font-family: comic sans ms,sans-serif;\">(1) L\u2019\u00c9glise ne recevant AUCUNE subvention de L\u2019\u00c9tat ne vit que de la g\u00e9n\u00e9rosit\u00e9 de ses fid\u00e8les. Pour le traitement des pr\u00eatres et des la\u00efcs permanents, l&rsquo;entretien et les charges des b\u00e2timents, et le fonctionnement des services (papeterie, informatique&#8230;) des finances sont donc n\u00e9cessaires. <\/span><\/em><\/span><\/p>\n","protected":false},"excerpt":{"rendered":"<p>La participation financi\u00e8re (1) qui vous est demand\u00e9e pour un Mariage est \u00e0 votre libre appr\u00e9ciation, toutefois le dioc\u00e8se pr\u00e9conise un\u00a0 montant minimum de : &nbsp; 250 \u20ac pour les mariages en secteur &nbsp; 500 \u20ac si vous venez d\u2019un &hellip; <a href=\"https:\/\/eglise-catholique-valdorge.fr\/?page_id=792\">Lire la suite\u00ad\u00ad<\/a><\/p>\n","protected":false},"author":1,"featured_media":0,"parent":0,"menu_order":0,"comment_status":"closed","ping_status":"closed","template":"","meta":{"kt_blocks_editor_width":"","footnotes":""},"_links":{"self":[{"href":"https:\/\/eglise-catholique-valdorge.fr\/index.php?rest_route=\/wp\/v2\/pages\/792"}],"collection":[{"href":"https:\/\/eglise-catholique-valdorge.fr\/index.php?rest_route=\/wp\/v2\/pages"}],"about":[{"href":"https:\/\/eglise-catholique-valdorge.fr\/index.php?rest_route=\/wp\/v2\/types\/page"}],"author":[{"embeddable":true,"href":"https:\/\/eglise-catholique-valdorge.fr\/index.php?rest_route=\/wp\/v2\/users\/1"}],"replies":[{"embeddable":true,"href":"https:\/\/eglise-catholique-valdorge.fr\/index.php?rest_route=%2Fwp%2Fv2%2Fcomments&post=792"}],"version-history":[{"count":3,"href":"https:\/\/eglise-catholique-valdorge.fr\/index.php?rest_route=\/wp\/v2\/pages\/792\/revisions"}],"predecessor-version":[{"id":865,"href":"https:\/\/eglise-catholique-valdorge.fr\/index.php?rest_route=\/wp\/v2\/pages\/792\/revisions\/865"}],"wp:attachment":[{"href":"https:\/\/eglise-catholique-valdorge.fr\/index.php?rest_route=%2Fwp%2Fv2%2Fmedia&parent=792"}],"curies":[{"name":"wp","href":"https:\/\/api.w.org\/{rel}","templated":true}]}}