{"id":795,"date":"2017-10-31T19:01:55","date_gmt":"2017-10-31T18:01:55","guid":{"rendered":"https:\/\/eglise-catholique-valdorge.fr\/?page_id=795"},"modified":"2017-10-31T19:01:55","modified_gmt":"2017-10-31T18:01:55","slug":"quels-documents-fournir","status":"publish","type":"page","link":"https:\/\/eglise-catholique-valdorge.fr\/?page_id=795","title":{"rendered":"Quels documents fournir ?"},"content":{"rendered":"<ul style=\"list-style-type: square;\">\n<li>\n<p align=\"justify\"><span style=\"color: #000000; font-family: comic sans ms,sans-serif; font-size: 14pt;\"><i><b>Extrait d\u2019acte de naissance <\/b>(datant de moins de 6 mois) A demander \u00e0 la mairie du lieu de naissance<\/i><\/span><\/p>\n<\/li>\n<li><span style=\"color: #000000;\"><span style=\"font-family: comic sans ms,sans-serif; font-size: 14pt;\"><i><b>Certificat de c\u00e9l\u00e9bration de mariage civil <\/b><\/i><\/span><span style=\"font-family: comic sans ms,sans-serif; font-size: 14pt;\">si celui-ci est d\u00e9j\u00e0 c\u00e9l\u00e9br\u00e9, <\/span><span style=\"font-size: 14pt;\"><span style=\"font-family: Times New Roman,serif;\"><span style=\"font-family: Comic Sans MS,serif;\"><i><span style=\"font-family: comic sans ms,sans-serif;\">(sinon ce certificat devra \u00eatre remis au c\u00e9l\u00e9brant le jour de la c\u00e9r\u00e9monie)<\/span><\/i><\/span><\/span><\/span><\/span><\/li>\n<li><span style=\"color: #000000;\"><span style=\"font-family: comic sans ms,sans-serif; font-size: 14pt;\">Vos deux <i><b>d\u00e9clarations d\u2019intention &#8211; <\/b><\/i><\/span><span style=\"font-family: comic sans ms,sans-serif; font-size: 14pt;\"><i>une pour chaque fianc\u00e9s &#8211;<\/i> <i><b>manuscrites<\/b><\/i>, <i><b>dat\u00e9e et sign\u00e9e<\/b><\/i> (\u00e0 la fin de la pr\u00e9paration)<br \/>\n<\/span><\/span><\/li>\n<li><span style=\"font-family: comic sans ms,sans-serif; font-size: 14pt; color: #000000;\">Votre d\u00e9roul\u00e9 de la c\u00e9l\u00e9bration\u00a0: choix des textes, des formules et des chants<\/span><\/li>\n<\/ul>\n","protected":false},"excerpt":{"rendered":"<p>Extrait d\u2019acte de naissance (datant de moins de 6 mois) A demander \u00e0 la mairie du lieu de naissance Certificat de c\u00e9l\u00e9bration de mariage civil si celui-ci est d\u00e9j\u00e0 c\u00e9l\u00e9br\u00e9, (sinon ce certificat devra \u00eatre remis au c\u00e9l\u00e9brant le jour &hellip; <a href=\"https:\/\/eglise-catholique-valdorge.fr\/?page_id=795\">Lire la suite\u00ad\u00ad<\/a><\/p>\n","protected":false},"author":1,"featured_media":0,"parent":0,"menu_order":0,"comment_status":"closed","ping_status":"closed","template":"","meta":{"kt_blocks_editor_width":"","footnotes":""},"_links":{"self":[{"href":"https:\/\/eglise-catholique-valdorge.fr\/index.php?rest_route=\/wp\/v2\/pages\/795"}],"collection":[{"href":"https:\/\/eglise-catholique-valdorge.fr\/index.php?rest_route=\/wp\/v2\/pages"}],"about":[{"href":"https:\/\/eglise-catholique-valdorge.fr\/index.php?rest_route=\/wp\/v2\/types\/page"}],"author":[{"embeddable":true,"href":"https:\/\/eglise-catholique-valdorge.fr\/index.php?rest_route=\/wp\/v2\/users\/1"}],"replies":[{"embeddable":true,"href":"https:\/\/eglise-catholique-valdorge.fr\/index.php?rest_route=%2Fwp%2Fv2%2Fcomments&post=795"}],"version-history":[{"count":1,"href":"https:\/\/eglise-catholique-valdorge.fr\/index.php?rest_route=\/wp\/v2\/pages\/795\/revisions"}],"predecessor-version":[{"id":796,"href":"https:\/\/eglise-catholique-valdorge.fr\/index.php?rest_route=\/wp\/v2\/pages\/795\/revisions\/796"}],"wp:attachment":[{"href":"https:\/\/eglise-catholique-valdorge.fr\/index.php?rest_route=%2Fwp%2Fv2%2Fmedia&parent=795"}],"curies":[{"name":"wp","href":"https:\/\/api.w.org\/{rel}","templated":true}]}}