{"id":90,"date":"2017-06-10T10:46:27","date_gmt":"2017-06-10T08:46:27","guid":{"rendered":"http:\/\/eglise-catholique-valdorge.fr\/?page_id=90"},"modified":"2018-03-23T17:42:01","modified_gmt":"2018-03-23T16:42:01","slug":"le-bapteme","status":"publish","type":"page","link":"https:\/\/eglise-catholique-valdorge.fr\/?page_id=90","title":{"rendered":"le bapt\u00eame pour votre enfant ou vous m\u00eame"},"content":{"rendered":"<p><span style=\"font-size: 14pt; font-family: georgia, palatino, serif;\"><strong>Le Bapt\u00eame<\/strong><\/span><\/p>\n<p><span style=\"font-family: georgia, palatino, serif;\"><img loading=\"lazy\" decoding=\"async\" class=\"aligncenter size-thumbnail wp-image-125\" src=\"http:\/\/eglise-catholique-valdorge.fr\/wp-content\/uploads\/2017\/06\/bapt\u00eame-j\u00e9sus-croix-bleu-150x150.jpg\" alt=\"\" width=\"150\" height=\"150\" \/><\/span><\/p>\n<p><span style=\"font-family: georgia, palatino, serif;\">Le bapt\u00eame, la confirmation et l\u2019eucharistie sont les trois sacrements par lesquels on devient chr\u00e9tien. Ces trois sacrements forment un tout et fondent l\u00b4identit\u00e9 chr\u00e9tienne. Ils sont v\u00e9cus dans la foi au Dieu de J\u00e9sus Christ et en \u00c9glise.<\/span><\/p>\n<p><span style=\"font-family: georgia, palatino, serif;\">Le Christ a propos\u00e9 le bapt\u00eame \u00e0 tous pour que tous aient la Vie en Dieu. Il l\u2019a confi\u00e9 \u00e0 son \u00c9glise, en m\u00eame temps que l\u2019\u00c9vangile, lorsqu\u2019il a dit \u00e0 ses ap\u00f4tres : <em>\u00ab Allez de toutes les nations faites des disciples, baptisez-les au nom du P\u00e8re, et du Fils, e<\/em><em>t du Saint-Esprit \u00bb (\u00e9vangile selon saint Jean 3, 5)<\/em><\/span><\/p>\n<p><span style=\"font-family: georgia, palatino, serif;\">Bapt\u00eame vient d\u2019un verbe grec qui signifie \u00ab plonger, immerger \u00bb.<\/span><\/p>\n<p><span style=\"font-family: georgia, palatino, serif;\">\u00catre baptis\u00e9, c\u2019est \u00eatre plong\u00e9 dans la mort et la r\u00e9surrection du Christ. C\u2019est un rite de passage : avec le Christ nous traversons la mort et nous participons \u00e0 sa vie de ressuscit\u00e9. Configur\u00e9 au Christ, nous devenons fils d\u2019un m\u00eame P\u00e8re et fr\u00e8res de J\u00e9sus-Christ, par l\u2019Esprit Saint.<\/span><\/p>\n<p><span style=\"font-family: georgia, palatino, serif;\">Le bapt\u00eame est le sacrement de la naissance \u00e0 la vie chr\u00e9tienne : marqu\u00e9 du signe de la croix, plong\u00e9 dans l\u2019eau, le nouveau baptis\u00e9 rena\u00eet \u00e0 une vie nouvelle. L\u2019onction avec le Saint Chr\u00eame lui donne son nom de chr\u00e9tien et dit sa mission. Devenu chr\u00e9tien, le nouveau baptis\u00e9 peut vivre selon l\u2019Esprit de Dieu.<\/span><\/p>\n<p><span style=\"font-family: georgia, palatino, serif;\">La c\u00e9l\u00e9bration du bapt\u00eame a son point culminant dans le bain d\u2019eau accompagn\u00e9 de cette parole <\/span><\/p>\n<div>\n<blockquote><p><span style=\"font-family: georgia, palatino, serif;\">Je te baptise au nom du P\u00e8re, et du Fils, et du Saint-Esprit.<\/span><\/p><\/blockquote>\n<\/div>\n<p><span style=\"font-family: georgia, palatino, serif;\">Baptis\u00e9 dans la foi de l\u2019\u00c9glise au Christ mort et ressuscit\u00e9, la profession de foi est intimement li\u00e9e au rite de l\u2019eau.<\/span><\/p>\n<p><span style=\"font-family: georgia, palatino, serif;\">Le cheminement propos\u00e9 pour s\u2019y pr\u00e9parer s\u00b4adapte \u00e0 l\u00b4\u00e2ge et \u00e0 la maturit\u00e9 de la personne.<\/span><\/p>\n<p><span style=\"font-family: georgia, palatino, serif;\">(Conf\u00e9rence des \u00c9v\u00eaques de France)<\/span><\/p>\n<p>&nbsp;<\/p>\n<p><span style=\"font-family: georgia, palatino, serif;\"><a href=\"https:\/\/www.youtube.com\/watch?v=ci4_qggFQ10#action=share\"><strong><span style=\"text-decoration: underline;\">A VOIR : <\/span><span style=\"font-size: 14px;\"><span style=\"text-decoration: underline;\">Relev\u00e9s par le bapt\u00eame &#8211; Car\u00eame dans la Ville<\/span><\/span><\/strong><\/a><\/span><\/p>\n<p><span style=\"font-family: georgia, palatino, serif;\"><strong><a href=\"https:\/\/eglise-catholique-valdorge.fr\/?page_id=1170\">\u00a0<\/a><\/strong><\/span><\/p>\n<p>&nbsp;<\/p>\n<p><strong><span style=\"font-family: georgia, palatino, serif; font-size: 12pt;\">Coordonn\u00e9es Services pr\u00e9paration Bapt\u00eame :<\/span><\/strong><\/p>\n<p><span style=\"font-family: georgia, palatino, serif;\">B\u00e9b\u00e9s &#8211; jusqu&rsquo;\u00e0 la maternelle ==&gt;\u00a0\u00a0 07.68.01.55.36\u00a0\u00a0\u00a0\u00a0 <span style=\"text-decoration: underline;\"><a href=\"http:\/\/eglise-catholique-valdorge.fr\/?page_id=136\">demande de bapt\u00eame<\/a><\/span><br \/>\n<\/span><\/p>\n<p><span style=\"font-family: georgia, palatino, serif;\"><strong><a href=\"https:\/\/eglise-catholique-valdorge.fr\/?page_id=1170\"><span style=\"text-decoration: underline;\">Pr\u00e9paration de la c\u00e9l\u00e9bration du bapt\u00eame<\/span><\/a><\/strong><\/span><\/p>\n<p><span style=\"font-family: georgia, palatino, serif;\">Enfants en maternelle ==&gt; 06.01.79.89.60 \u00a0<span style=\"text-decoration: underline;\"> <a href=\"http:\/\/eglise-catholique-valdorge.fr\/?page_id=475\">demande de bapt\u00eame<\/a><\/span><br \/>\n<\/span><\/p>\n<p><span style=\"font-family: georgia, palatino, serif;\">Enfants au primaire ==&gt;06.01.79.89.60 \u00a0 <span style=\"text-decoration: underline;\"><a href=\"http:\/\/eglise-catholique-valdorge.fr\/?page_id=480\">demande de bapt\u00eame<\/a><\/span><br \/>\n<\/span><\/p>\n<p><span style=\"font-family: georgia, palatino, serif;\">Jeunes au coll\u00e8ge ou au lyc\u00e9e ==&gt; 06.06.69.20.63\u00a0\u00a0<span style=\"text-decoration: underline;\"> <a href=\"http:\/\/eglise-catholique-valdorge.fr\/?page_id=490\">demande de bapt\u00eame<\/a><\/span><br \/>\n<\/span><\/p>\n<p><span style=\"font-family: impact, sans-serif;\"><span style=\"font-family: georgia, palatino, serif;\">Adultes ==&gt; 01.69.01.83.66 \u00a0 <span style=\"text-decoration: underline;\"><a href=\"http:\/\/eglise-catholique-valdorge.fr\/?page_id=484\">demande de bapt\u00eame<\/a><\/span><\/span><br \/>\n<\/span><\/p>\n","protected":false},"excerpt":{"rendered":"<p>Le Bapt\u00eame Le bapt\u00eame, la confirmation et l\u2019eucharistie sont les trois sacrements par lesquels on devient chr\u00e9tien. Ces trois sacrements forment un tout et fondent l\u00b4identit\u00e9 chr\u00e9tienne. Ils sont v\u00e9cus dans la foi au Dieu de J\u00e9sus Christ et en &hellip; <a href=\"https:\/\/eglise-catholique-valdorge.fr\/?page_id=90\">Lire la suite\u00ad\u00ad<\/a><\/p>\n","protected":false},"author":1,"featured_media":0,"parent":0,"menu_order":0,"comment_status":"closed","ping_status":"closed","template":"","meta":{"kt_blocks_editor_width":"","footnotes":""},"_links":{"self":[{"href":"https:\/\/eglise-catholique-valdorge.fr\/index.php?rest_route=\/wp\/v2\/pages\/90"}],"collection":[{"href":"https:\/\/eglise-catholique-valdorge.fr\/index.php?rest_route=\/wp\/v2\/pages"}],"about":[{"href":"https:\/\/eglise-catholique-valdorge.fr\/index.php?rest_route=\/wp\/v2\/types\/page"}],"author":[{"embeddable":true,"href":"https:\/\/eglise-catholique-valdorge.fr\/index.php?rest_route=\/wp\/v2\/users\/1"}],"replies":[{"embeddable":true,"href":"https:\/\/eglise-catholique-valdorge.fr\/index.php?rest_route=%2Fwp%2Fv2%2Fcomments&post=90"}],"version-history":[{"count":33,"href":"https:\/\/eglise-catholique-valdorge.fr\/index.php?rest_route=\/wp\/v2\/pages\/90\/revisions"}],"predecessor-version":[{"id":5272,"href":"https:\/\/eglise-catholique-valdorge.fr\/index.php?rest_route=\/wp\/v2\/pages\/90\/revisions\/5272"}],"wp:attachment":[{"href":"https:\/\/eglise-catholique-valdorge.fr\/index.php?rest_route=%2Fwp%2Fv2%2Fmedia&parent=90"}],"curies":[{"name":"wp","href":"https:\/\/api.w.org\/{rel}","templated":true}]}}