{"id":103,"date":"2017-06-13T15:27:07","date_gmt":"2017-06-13T13:27:07","guid":{"rendered":"http:\/\/eglise-catholique-valdorge.fr\/?post_type=portfolio&#038;p=103"},"modified":"2022-04-23T16:01:42","modified_gmt":"2022-04-23T14:01:42","slug":"vous-recherchez","status":"publish","type":"portfolio","link":"https:\/\/eglise-catholique-valdorge.fr\/?portfolio=vous-recherchez","title":{"rendered":"Vous recherchez &#8230;"},"content":{"rendered":"<p><span style=\"text-decoration: underline; font-size: 14pt; font-family: book antiqua,palatino,serif;\"><strong>Vous recherchez :<\/strong><\/span><\/p>\n<ul style=\"list-style-type: disc;\">\n<li><span style=\"font-size: 14pt;\"><a href=\"http:\/\/eglise-catholique-valdorge.fr\/?page_id=219&amp;preview=true\"><span style=\"font-family: book antiqua,palatino,serif;\"> horaires de messe hors vacances scolaires<\/span><\/a><\/span><\/li>\n<li><span style=\"font-size: 14pt;\"><a href=\"http:\/\/eglise-catholique-valdorge.fr\/?page_id=5866&amp;preview=true\"><span style=\"font-family: book antiqua,palatino,serif;\"> horaires de messe pendant vacances scolaires<\/span><\/a><\/span><\/li>\n<p><!-- Mise en commentaire\n \t\n\n<li><span style=\"font-size: 14pt;\"><a href=\"http:\/\/eglise-catholique-valdorge.fr\/?page_id=219&amp;preview=true\"><span style=\"font-family: book antiqua,palatino,serif;\"> horaires de messe<\/span><\/a><\/span><\/li>\n\n\n--><\/p>\n<li><span style=\"font-size: 14pt;\"><a href=\"http:\/\/eglise-catholique-valdorge.fr\/?page_id=229\"><span style=\"font-family: book antiqua,palatino,serif;\">un temps de pri\u00e8re (chapelet, adoration, groupe charismatiques, liturgie des heures&#8230;)<\/span><\/a><\/span><\/li>\n<li><span style=\"font-size: 14pt;\"><a href=\"http:\/\/eglise-catholique-valdorge.fr\/?page_id=231&amp;preview=true\"><span style=\"font-family: book antiqua,palatino,serif;\">les coordonn\u00e9es d&rsquo;une paroisse<\/span><\/a><\/span><\/li>\n<li><span style=\"font-size: 14pt;\"><a href=\"http:\/\/eglise-catholique-valdorge.fr\/?page_id=297\"><span style=\"font-family: book antiqua,palatino,serif;\">les coordonn\u00e9es d&rsquo;un pr\u00eatre<\/span><\/a><\/span><\/li>\n<li><span style=\"font-size: 14pt;\"><a href=\"http:\/\/eglise-catholique-valdorge.fr\/?page_id=447\"><span style=\"font-family: book antiqua,palatino,serif;\">les coordonn\u00e9es d&rsquo;un responsable<\/span><\/a><\/span><\/li>\n<li><span style=\"font-size: 14pt;\"><a href=\"http:\/\/eglise-catholique-valdorge.fr\/?page_id=449\"><span style=\"font-family: book antiqua,palatino,serif;\">votre certificat de bapt\u00eame<\/span><\/a><\/span><\/li>\n<\/ul>\n<p><!--\n \t\n\n<li><span style=\"font-family: book antiqua,palatino,serif; font-size: 14px;\"><span style=\"font-size: 16px;\"><span style=\"font-size: 14pt;\"><span style=\"font-family: book antiqua,palatino,serif;\"><a href=\"https:\/\/eglise-catholique-valdorge.fr\/?page_id=1605\">Horaire Toussaint 2019<\/a><\/span><\/span><\/span><\/span><\/li>\n\n\n--><\/p>\n","protected":false},"excerpt":{"rendered":"<p>Vous recherchez : horaires de messe hors vacances scolaires horaires de messe pendant vacances scolaires un temps de pri\u00e8re (chapelet, adoration, groupe charismatiques, liturgie des heures&#8230;) les coordonn\u00e9es d&rsquo;une paroisse les coordonn\u00e9es d&rsquo;un pr\u00eatre les coordonn\u00e9es d&rsquo;un responsable votre certificat &hellip; <a href=\"https:\/\/eglise-catholique-valdorge.fr\/?portfolio=vous-recherchez\">Lire la suite\u00ad\u00ad<\/a><\/p>\n","protected":false},"author":1,"featured_media":660,"menu_order":0,"comment_status":"closed","ping_status":"closed","template":"","meta":{"kt_blocks_editor_width":""},"portfolio-type":[],"_links":{"self":[{"href":"https:\/\/eglise-catholique-valdorge.fr\/index.php?rest_route=\/wp\/v2\/portfolio\/103"}],"collection":[{"href":"https:\/\/eglise-catholique-valdorge.fr\/index.php?rest_route=\/wp\/v2\/portfolio"}],"about":[{"href":"https:\/\/eglise-catholique-valdorge.fr\/index.php?rest_route=\/wp\/v2\/types\/portfolio"}],"author":[{"embeddable":true,"href":"https:\/\/eglise-catholique-valdorge.fr\/index.php?rest_route=\/wp\/v2\/users\/1"}],"replies":[{"embeddable":true,"href":"https:\/\/eglise-catholique-valdorge.fr\/index.php?rest_route=%2Fwp%2Fv2%2Fcomments&post=103"}],"wp:featuredmedia":[{"embeddable":true,"href":"https:\/\/eglise-catholique-valdorge.fr\/index.php?rest_route=\/wp\/v2\/media\/660"}],"wp:attachment":[{"href":"https:\/\/eglise-catholique-valdorge.fr\/index.php?rest_route=%2Fwp%2Fv2%2Fmedia&parent=103"}],"wp:term":[{"taxonomy":"portfolio-type","embeddable":true,"href":"https:\/\/eglise-catholique-valdorge.fr\/index.php?rest_route=%2Fwp%2Fv2%2Fportfolio-type&post=103"}],"curies":[{"name":"wp","href":"https:\/\/api.w.org\/{rel}","templated":true}]}}

<p><span style="text-decoration: underline; font-size: 14pt; font-family: book antiqua,palatino,serif;"><strong>Vous recherchez :</strong></span></p>
<ul style="list-style-type: disc;">
<li><span style="font-size: 14pt;"><a href="http://eglise-catholique-valdorge.fr/?page_id=219&amp;preview=true"><span style="font-family: book antiqua,palatino,serif;"> horaires de messe hors vacances scolaires</span></a></span></li>
<li><span style="font-size: 14pt;"><a href="http://eglise-catholique-valdorge.fr/?page_id=5866&amp;preview=true"><span style="font-family: book antiqua,palatino,serif;"> horaires de messe pendant vacances scolaires</span></a></span></li>
<p><!-- Mise en commentaire
 	

<li><span style="font-size: 14pt;"><a href="http://eglise-catholique-valdorge.fr/?page_id=219&amp;preview=true"><span style="font-family: book antiqua,palatino,serif;"> horaires de messe</span></a></span></li>


--></p>
<li><span style="font-size: 14pt;"><a href="http://eglise-catholique-valdorge.fr/?page_id=229"><span style="font-family: book antiqua,palatino,serif;">un temps de prière (chapelet, adoration, groupe charismatiques, liturgie des heures&#8230;)</span></a></span></li>
<li><span style="font-size: 14pt;"><a href="http://eglise-catholique-valdorge.fr/?page_id=231&amp;preview=true"><span style="font-family: book antiqua,palatino,serif;">les coordonnées d&rsquo;une paroisse</span></a></span></li>
<li><span style="font-size: 14pt;"><a href="http://eglise-catholique-valdorge.fr/?page_id=297"><span style="font-family: book antiqua,palatino,serif;">les coordonnées d&rsquo;un prêtre</span></a></span></li>
<li><span style="font-size: 14pt;"><a href="http://eglise-catholique-valdorge.fr/?page_id=447"><span style="font-family: book antiqua,palatino,serif;">les coordonnées d&rsquo;un responsable</span></a></span></li>
<li><span style="font-size: 14pt;"><a href="http://eglise-catholique-valdorge.fr/?page_id=449"><span style="font-family: book antiqua,palatino,serif;">votre certificat de baptême</span></a></span></li>
</ul>
<p><!--
 	

<li><span style="font-family: book antiqua,palatino,serif; font-size: 14px;"><span style="font-size: 16px;"><span style="font-size: 14pt;"><span style="font-family: book antiqua,palatino,serif;"><a href="https://eglise-catholique-valdorge.fr/?page_id=1605">Horaire Toussaint 2019</a></span></span></span></span></li>


--></p>

<p>Vous recherchez : horaires de messe hors vacances scolaires horaires de messe pendant vacances scolaires un temps de prière (chapelet, adoration, groupe charismatiques, liturgie des heures&#8230;) les coordonnées d&rsquo;une paroisse les coordonnées d&rsquo;un prêtre les coordonnées d&rsquo;un responsable votre certificat &hellip; <a href="https://eglise-catholique-valdorge.fr/?portfolio=vous-recherchez">Lire la suite­­</a></p>
